{"id":2276,"date":"2013-10-21T13:04:43","date_gmt":"2013-10-21T11:04:43","guid":{"rendered":"http:\/\/mercagranada.es\/?page_id=2276"},"modified":"2023-06-06T16:13:44","modified_gmt":"2023-06-06T14:13:44","slug":"excursiones-para-colegios","status":"publish","type":"page","link":"http:\/\/new.mercagranada.es\/espaciosdisponibles\/excursiones-para-colegios\/","title":{"rendered":"Conoce Mercagranada y Los Alimentos"},"content":{"rendered":"<p><iframe src=\"\/\/www.youtube.com\/embed\/0oIqU2ka9e4\" width=\"610\" height=\"400\" frameborder=\"0\" allowfullscreen=\"allowfullscreen\"><\/iframe><\/p>\n<h4 style=\"text-align: center;\">Un programa que permitir\u00e1 a los m\u00e1s peque\u00f1os conocer c\u00f3mo llegan los productos a sus hogares, el proceso que se lleva a cabo en MERCAGRANADA, el correcto tratamiento de los alimentos y la importancia de la relaci\u00f3n entre una alimentaci\u00f3n sana y el deporte.<\/h4>\n<h3><\/h3>\n<p><span class=\"TextRun SCXW2833578 BCX9\" lang=\"ES-ES\" xml:lang=\"ES-ES\" data-contrast=\"none\"><span class=\"NormalTextRun SpellingErrorV2Themed SCXW2833578 BCX9\">Mercagranada<\/span><span class=\"NormalTextRun SCXW2833578 BCX9\">, a trav\u00e9s de este programa pedag\u00f3gico sobre alimentaci\u00f3n, pone a disposici\u00f3n de los centros educativos y de las familias el presente material que pretende impulsar y ayudar a la labor did\u00e1ctica de los docentes y as\u00ed mejorar la educaci\u00f3n alimentaria y la calidad de vida de los escolares.<\/span><\/span><span class=\"EOP SCXW2833578 BCX9\" data-ccp-props=\"{&quot;201341983&quot;:0,&quot;335551550&quot;:6,&quot;335551620&quot;:6,&quot;335559731&quot;:708,&quot;335559739&quot;:0,&quot;335559740&quot;:240}\">\u00a0<\/span><\/p>\n<p>&nbsp;<\/p>\n<h3><strong>\u00bfQUE ES?:<\/strong><\/h3>\n<p><span data-contrast=\"none\">Es un programa did\u00e1ctico \u00fatil que tiene como objetivo claro inculcar, fomentar y crear h\u00e1bitos saludables en nuestros escolares a trav\u00e9s de unos conocimientos b\u00e1sicos sobre alimentaci\u00f3n, ejercicio f\u00edsico as\u00ed como la importancia de terminar el d\u00eda con un buen descanso.\u00a0\u00a0<\/span><span data-ccp-props=\"{&quot;201341983&quot;:0,&quot;335551550&quot;:6,&quot;335551620&quot;:6,&quot;335559739&quot;:0,&quot;335559740&quot;:240}\">\u00a0<\/span><\/p>\n<p><span data-ccp-props=\"{&quot;201341983&quot;:0,&quot;335551550&quot;:6,&quot;335551620&quot;:6,&quot;335559731&quot;:708,&quot;335559739&quot;:0,&quot;335559740&quot;:240}\">\u00a0<\/span><span data-contrast=\"none\">Pretende concienciar y educar sobre los beneficios que aporta el consumo de una dieta sana y equilibrada, basada en los\u00a0 productos frescos y dando prioridad a los alimentos de temporada y cercan\u00eda y en su defecto los graves problemas que se derivan del abuso de determinados alimentos y del sedentarismo en un momento en el que la obesidad infantil es una preocupaci\u00f3n importante para la Comunidad Sanitaria.<\/span><span data-ccp-props=\"{&quot;201341983&quot;:0,&quot;335551550&quot;:6,&quot;335551620&quot;:6,&quot;335559731&quot;:708,&quot;335559739&quot;:0,&quot;335559740&quot;:240}\">\u00a0<\/span><\/p>\n<p><span data-ccp-props=\"{&quot;201341983&quot;:0,&quot;335551550&quot;:6,&quot;335551620&quot;:6,&quot;335559731&quot;:708,&quot;335559739&quot;:0,&quot;335559740&quot;:240}\">\u00a0<\/span><span data-contrast=\"none\">La edad infantil es una \u00e9poca crucial para incidir en la educaci\u00f3n nutricional. Un ni\u00f1o que sabe comer correctamente tendr\u00e1 mas probabilidades de continuar con este h\u00e1bito en la edad adulta, esta es la mejor herramienta de prevenci\u00f3n de muchos trastornos y enfermedades. Familia y centros escolares son los responsables de desarrollar una adecuada y efectiva educaci\u00f3n nutricional para la salud.<\/span><span data-ccp-props=\"{&quot;201341983&quot;:0,&quot;335551550&quot;:6,&quot;335551620&quot;:6,&quot;335559731&quot;:708,&quot;335559739&quot;:0,&quot;335559740&quot;:240}\">\u00a0<\/span><\/p>\n<p><span data-ccp-props=\"{&quot;201341983&quot;:0,&quot;335551550&quot;:6,&quot;335551620&quot;:6,&quot;335559731&quot;:708,&quot;335559739&quot;:0,&quot;335559740&quot;:240}\">\u00a0<\/span><span data-contrast=\"none\">Abrimos las puertas de nuestra Unidad Alimentaria para que todos los ni\u00f1os y docentes a trav\u00e9s de una visita din\u00e1mica, l\u00fadica y did\u00e1ctica puedan aprender acerca del procesamiento de los alimentos desde sus or\u00edgenes hasta que llegan a sus hogares, la importancia y repercusi\u00f3n de cada uno de los eslabones de la cadena alimentaria para poder disponer diariamente de una amplia variedad de alimentos frescos, sanos y seguros desde el campo y el mar hasta nuestro plato, eslabones muy desconocidos para la gran mayor\u00eda de la poblaci\u00f3n.<\/span><span data-ccp-props=\"{&quot;201341983&quot;:0,&quot;335551550&quot;:6,&quot;335551620&quot;:6,&quot;335559731&quot;:708,&quot;335559739&quot;:0,&quot;335559740&quot;:240}\">\u00a0<\/span><\/p>\n<h3><\/h3>\n<h3><strong>OBJETIVOS:<\/strong><\/h3>\n<ul>\n<li><span data-contrast=\"none\">Incrementar y consolidar el consumo de Frutas, verduras y alimentos frescos para llevar una vida saludable<\/span><span data-ccp-props=\"{&quot;201341983&quot;:0,&quot;335559739&quot;:0,&quot;335559740&quot;:240}\">\u00a0<\/span><\/li>\n<li><span data-contrast=\"none\">Fomentar la importancia de una dieta variada\u00a0<\/span><span data-ccp-props=\"{&quot;201341983&quot;:0,&quot;335559739&quot;:0,&quot;335559740&quot;:240}\">\u00a0<\/span><\/li>\n<li><span data-contrast=\"none\">Promover el consumo de productos de temporada y km 0.<\/span><span data-ccp-props=\"{&quot;201341983&quot;:0,&quot;335559739&quot;:0,&quot;335559740&quot;:240}\">\u00a0<\/span><\/li>\n<li><span data-contrast=\"none\">Diferenciar los distintos tipos de alimentos, pescados, frutas y verduras, etc. y los beneficios de su consumo.<\/span><span data-ccp-props=\"{&quot;201341983&quot;:0,&quot;335559739&quot;:0,&quot;335559740&quot;:240}\">\u00a0<\/span><\/li>\n<li><span data-contrast=\"none\">Conocer problemas derivados de una mala alimentaci\u00f3n.<\/span><\/li>\n<li><span data-contrast=\"none\">Crear estilos de vida saludables y respetuosos con el medio ambiente.<\/span><\/li>\n<li><span data-contrast=\"none\">Conocer la problem\u00e1tica de algunas familias para alimentarse. Fomentar el valor de la solidaridad a trav\u00e9s del conocimiento de la ONG Banco de Alimentos.<\/span><span data-ccp-props=\"{&quot;201341983&quot;:0,&quot;335559739&quot;:0,&quot;335559740&quot;:240}\">\u00a0<\/span><\/li>\n<li><span data-contrast=\"none\">Importancia del reciclaje.<\/span><span data-ccp-props=\"{&quot;201341983&quot;:0,&quot;335559739&quot;:0,&quot;335559740&quot;:240}\">\u00a0<\/span><\/li>\n<li><span data-contrast=\"none\">Dar a conocer las instalaciones de Mercagranada y la cadena de distribuci\u00f3n.<\/span><\/li>\n<\/ul>\n<h3><\/h3>\n<h3>CONTENIDO DE LA VISITA:<\/h3>\n<p><strong>La propuesta para el curso escolar comprende la siguiente estructura:<\/strong><\/p>\n<ol>\n<li>Conocemos Mercagranada: presentaci\u00f3n de la instalaciones y conceptos de mayorista y minorista, trazabilidad de los productos y etiquetado.<\/li>\n<li>Conoce el trabajo de una ONG, el Banco de Alimentos.<\/li>\n<li>Mundo animal, marino y terrestre<\/li>\n<li>Mundo rural<\/li>\n<li>Plato nutricional<\/li>\n<li>H\u00e1bitos de vida sana y saludable<\/li>\n<li>Concienciaci\u00f3n de no tirar alimentos<\/li>\n<li>Juegos relacionados con la alimentaci\u00f3n.<\/li>\n<\/ol>\n<h3><img loading=\"lazy\" class=\"ancho-completo alignnone wp-image-5747 size-full\" src=\"http:\/\/mercagranada.es\/espaciosdisponibles\/wp-content\/uploads\/solicita-visita-mercagranada.jpg\" alt=\"MercaGranada SA - Conoce los Alimentos\" width=\"600\" height=\"425\" srcset=\"http:\/\/new.mercagranada.es\/espaciosdisponibles\/wp-content\/uploads\/solicita-visita-mercagranada.jpg 600w, http:\/\/new.mercagranada.es\/espaciosdisponibles\/wp-content\/uploads\/solicita-visita-mercagranada-300x213.jpg 300w\" sizes=\"(max-width: 600px) 100vw, 600px\" \/><\/h3>\n<h3>D\u00cdAS DE VISITA Y COSTE:<\/h3>\n<p>El programa se llevar\u00e1 a cabo los <em>mi\u00e9rcoles<\/em> lectivos de cada mes y es <strong>totalmente<\/strong> <strong>gratuito<\/strong>, tanto para los centros escolares como para los alumnos (a excepci\u00f3n del desplazamiento).<\/p>\n<p>&nbsp;<\/p>\n<p><span style=\"color: #0000ff;\">Le invitamos a que solicite y\/o consulte\u00a0las fechas disponibles a trav\u00e9s de nuestro correo\u00a0<strong><a style=\"color: #0000ff;\" href=\"mailto:escolares@mercagranada.es\">escolares@mercagranada.es<\/a> <\/strong>o del tel\u00e9fono: 958 276300.<\/span><\/p>\n<p>&nbsp;<\/p>\n<h3>PATROCINADORES:<\/h3>\n<p><img loading=\"lazy\" class=\" wp-image-51837 alignleft\" src=\"http:\/\/mercagranada.es\/espaciosdisponibles\/wp-content\/uploads\/2023\/06\/Fundacion-Caja-Rural.png\" alt=\"\" width=\"126\" height=\"140\" srcset=\"http:\/\/new.mercagranada.es\/espaciosdisponibles\/wp-content\/uploads\/2023\/06\/Fundacion-Caja-Rural.png 580w, http:\/\/new.mercagranada.es\/espaciosdisponibles\/wp-content\/uploads\/2023\/06\/Fundacion-Caja-Rural-270x300.png 270w\" sizes=\"(max-width: 126px) 100vw, 126px\" \/><\/p>\n","protected":false},"excerpt":{"rendered":"<p>Un programa que permitir\u00e1 a los m\u00e1s peque\u00f1os conocer c\u00f3mo llegan los productos a sus hogares, el proceso que se lleva a cabo en MERCAGRANADA, el correcto tratamiento de los alimentos y la importancia de la relaci\u00f3n entre una alimentaci\u00f3n sana y el deporte. Mercagranada, a trav\u00e9s de este programa pedag\u00f3gico sobre alimentaci\u00f3n, pone a [&hellip;]<\/p>\n","protected":false},"author":1,"featured_media":0,"parent":0,"menu_order":0,"comment_status":"open","ping_status":"open","template":"page_sidebar-inicio.php","meta":[],"_links":{"self":[{"href":"http:\/\/new.mercagranada.es\/espaciosdisponibles\/wp-json\/wp\/v2\/pages\/2276"}],"collection":[{"href":"http:\/\/new.mercagranada.es\/espaciosdisponibles\/wp-json\/wp\/v2\/pages"}],"about":[{"href":"http:\/\/new.mercagranada.es\/espaciosdisponibles\/wp-json\/wp\/v2\/types\/page"}],"author":[{"embeddable":true,"href":"http:\/\/new.mercagranada.es\/espaciosdisponibles\/wp-json\/wp\/v2\/users\/1"}],"replies":[{"embeddable":true,"href":"http:\/\/new.mercagranada.es\/espaciosdisponibles\/wp-json\/wp\/v2\/comments?post=2276"}],"version-history":[{"count":73,"href":"http:\/\/new.mercagranada.es\/espaciosdisponibles\/wp-json\/wp\/v2\/pages\/2276\/revisions"}],"predecessor-version":[{"id":51839,"href":"http:\/\/new.mercagranada.es\/espaciosdisponibles\/wp-json\/wp\/v2\/pages\/2276\/revisions\/51839"}],"wp:attachment":[{"href":"http:\/\/new.mercagranada.es\/espaciosdisponibles\/wp-json\/wp\/v2\/media?parent=2276"}],"curies":[{"name":"wp","href":"https:\/\/api.w.org\/{rel}","templated":true}]}}

<p><iframe src="//www.youtube.com/embed/0oIqU2ka9e4" width="610" height="400" frameborder="0" allowfullscreen="allowfullscreen"></iframe></p>
<h4 style="text-align: center;">Un programa que permitirá a los más pequeños conocer cómo llegan los productos a sus hogares, el proceso que se lleva a cabo en MERCAGRANADA, el correcto tratamiento de los alimentos y la importancia de la relación entre una alimentación sana y el deporte.</h4>
<h3></h3>
<p><span class="TextRun SCXW2833578 BCX9" lang="ES-ES" xml:lang="ES-ES" data-contrast="none"><span class="NormalTextRun SpellingErrorV2Themed SCXW2833578 BCX9">Mercagranada</span><span class="NormalTextRun SCXW2833578 BCX9">, a través de este programa pedagógico sobre alimentación, pone a disposición de los centros educativos y de las familias el presente material que pretende impulsar y ayudar a la labor didáctica de los docentes y así mejorar la educación alimentaria y la calidad de vida de los escolares.</span></span><span class="EOP SCXW2833578 BCX9" data-ccp-props="{&quot;201341983&quot;:0,&quot;335551550&quot;:6,&quot;335551620&quot;:6,&quot;335559731&quot;:708,&quot;335559739&quot;:0,&quot;335559740&quot;:240}"> </span></p>
<p>&nbsp;</p>
<h3><strong>¿QUE ES?:</strong></h3>
<p><span data-contrast="none">Es un programa didáctico útil que tiene como objetivo claro inculcar, fomentar y crear hábitos saludables en nuestros escolares a través de unos conocimientos básicos sobre alimentación, ejercicio físico así como la importancia de terminar el día con un buen descanso.  </span><span data-ccp-props="{&quot;201341983&quot;:0,&quot;335551550&quot;:6,&quot;335551620&quot;:6,&quot;335559739&quot;:0,&quot;335559740&quot;:240}"> </span></p>
<p><span data-ccp-props="{&quot;201341983&quot;:0,&quot;335551550&quot;:6,&quot;335551620&quot;:6,&quot;335559731&quot;:708,&quot;335559739&quot;:0,&quot;335559740&quot;:240}"> </span><span data-contrast="none">Pretende concienciar y educar sobre los beneficios que aporta el consumo de una dieta sana y equilibrada, basada en los  productos frescos y dando prioridad a los alimentos de temporada y cercanía y en su defecto los graves problemas que se derivan del abuso de determinados alimentos y del sedentarismo en un momento en el que la obesidad infantil es una preocupación importante para la Comunidad Sanitaria.</span><span data-ccp-props="{&quot;201341983&quot;:0,&quot;335551550&quot;:6,&quot;335551620&quot;:6,&quot;335559731&quot;:708,&quot;335559739&quot;:0,&quot;335559740&quot;:240}"> </span></p>
<p><span data-ccp-props="{&quot;201341983&quot;:0,&quot;335551550&quot;:6,&quot;335551620&quot;:6,&quot;335559731&quot;:708,&quot;335559739&quot;:0,&quot;335559740&quot;:240}"> </span><span data-contrast="none">La edad infantil es una época crucial para incidir en la educación nutricional. Un niño que sabe comer correctamente tendrá mas probabilidades de continuar con este hábito en la edad adulta, esta es la mejor herramienta de prevención de muchos trastornos y enfermedades. Familia y centros escolares son los responsables de desarrollar una adecuada y efectiva educación nutricional para la salud.</span><span data-ccp-props="{&quot;201341983&quot;:0,&quot;335551550&quot;:6,&quot;335551620&quot;:6,&quot;335559731&quot;:708,&quot;335559739&quot;:0,&quot;335559740&quot;:240}"> </span></p>
<p><span data-ccp-props="{&quot;201341983&quot;:0,&quot;335551550&quot;:6,&quot;335551620&quot;:6,&quot;335559731&quot;:708,&quot;335559739&quot;:0,&quot;335559740&quot;:240}"> </span><span data-contrast="none">Abrimos las puertas de nuestra Unidad Alimentaria para que todos los niños y docentes a través de una visita dinámica, lúdica y didáctica puedan aprender acerca del procesamiento de los alimentos desde sus orígenes hasta que llegan a sus hogares, la importancia y repercusión de cada uno de los eslabones de la cadena alimentaria para poder disponer diariamente de una amplia variedad de alimentos frescos, sanos y seguros desde el campo y el mar hasta nuestro plato, eslabones muy desconocidos para la gran mayoría de la población.</span><span data-ccp-props="{&quot;201341983&quot;:0,&quot;335551550&quot;:6,&quot;335551620&quot;:6,&quot;335559731&quot;:708,&quot;335559739&quot;:0,&quot;335559740&quot;:240}"> </span></p>
<h3></h3>
<h3><strong>OBJETIVOS:</strong></h3>
<ul>
<li><span data-contrast="none">Incrementar y consolidar el consumo de Frutas, verduras y alimentos frescos para llevar una vida saludable</span><span data-ccp-props="{&quot;201341983&quot;:0,&quot;335559739&quot;:0,&quot;335559740&quot;:240}"> </span></li>
<li><span data-contrast="none">Fomentar la importancia de una dieta variada </span><span data-ccp-props="{&quot;201341983&quot;:0,&quot;335559739&quot;:0,&quot;335559740&quot;:240}"> </span></li>
<li><span data-contrast="none">Promover el consumo de productos de temporada y km 0.</span><span data-ccp-props="{&quot;201341983&quot;:0,&quot;335559739&quot;:0,&quot;335559740&quot;:240}"> </span></li>
<li><span data-contrast="none">Diferenciar los distintos tipos de alimentos, pescados, frutas y verduras, etc. y los beneficios de su consumo.</span><span data-ccp-props="{&quot;201341983&quot;:0,&quot;335559739&quot;:0,&quot;335559740&quot;:240}"> </span></li>
<li><span data-contrast="none">Conocer problemas derivados de una mala alimentación.</span></li>
<li><span data-contrast="none">Crear estilos de vida saludables y respetuosos con el medio ambiente.</span></li>
<li><span data-contrast="none">Conocer la problemática de algunas familias para alimentarse. Fomentar el valor de la solidaridad a través del conocimiento de la ONG Banco de Alimentos.</span><span data-ccp-props="{&quot;201341983&quot;:0,&quot;335559739&quot;:0,&quot;335559740&quot;:240}"> </span></li>
<li><span data-contrast="none">Importancia del reciclaje.</span><span data-ccp-props="{&quot;201341983&quot;:0,&quot;335559739&quot;:0,&quot;335559740&quot;:240}"> </span></li>
<li><span data-contrast="none">Dar a conocer las instalaciones de Mercagranada y la cadena de distribución.</span></li>
</ul>
<h3></h3>
<h3>CONTENIDO DE LA VISITA:</h3>
<p><strong>La propuesta para el curso escolar comprende la siguiente estructura:</strong></p>
<ol>
<li>Conocemos Mercagranada: presentación de la instalaciones y conceptos de mayorista y minorista, trazabilidad de los productos y etiquetado.</li>
<li>Conoce el trabajo de una ONG, el Banco de Alimentos.</li>
<li>Mundo animal, marino y terrestre</li>
<li>Mundo rural</li>
<li>Plato nutricional</li>
<li>Hábitos de vida sana y saludable</li>
<li>Concienciación de no tirar alimentos</li>
<li>Juegos relacionados con la alimentación.</li>
</ol>
<h3><img loading="lazy" class="ancho-completo alignnone wp-image-5747 size-full" src="http://mercagranada.es/espaciosdisponibles/wp-content/uploads/solicita-visita-mercagranada.jpg" alt="MercaGranada SA - Conoce los Alimentos" width="600" height="425" srcset="http://new.mercagranada.es/espaciosdisponibles/wp-content/uploads/solicita-visita-mercagranada.jpg 600w, http://new.mercagranada.es/espaciosdisponibles/wp-content/uploads/solicita-visita-mercagranada-300x213.jpg 300w" sizes="(max-width: 600px) 100vw, 600px" /></h3>
<h3>DÍAS DE VISITA Y COSTE:</h3>
<p>El programa se llevará a cabo los <em>miércoles</em> lectivos de cada mes y es <strong>totalmente</strong> <strong>gratuito</strong>, tanto para los centros escolares como para los alumnos (a excepción del desplazamiento).</p>
<p>&nbsp;</p>
<p><span style="color: #0000ff;">Le invitamos a que solicite y/o consulte las fechas disponibles a través de nuestro correo <strong><a style="color: #0000ff;" href="mailto:escolares@mercagranada.es">escolares@mercagranada.es</a> </strong>o del teléfono: 958 276300.</span></p>
<p>&nbsp;</p>
<h3>PATROCINADORES:</h3>
<p><img loading="lazy" class=" wp-image-51837 alignleft" src="http://mercagranada.es/espaciosdisponibles/wp-content/uploads/2023/06/Fundacion-Caja-Rural.png" alt="" width="126" height="140" srcset="http://new.mercagranada.es/espaciosdisponibles/wp-content/uploads/2023/06/Fundacion-Caja-Rural.png 580w, http://new.mercagranada.es/espaciosdisponibles/wp-content/uploads/2023/06/Fundacion-Caja-Rural-270x300.png 270w" sizes="(max-width: 126px) 100vw, 126px" /></p>

<p>Un programa que permitirá a los más pequeños conocer cómo llegan los productos a sus hogares, el proceso que se lleva a cabo en MERCAGRANADA, el correcto tratamiento de los alimentos y la importancia de la relación entre una alimentación sana y el deporte. Mercagranada, a través de este programa pedagógico sobre alimentación, pone a [&hellip;]</p>
