{"id":50584,"date":"2021-04-26T13:11:27","date_gmt":"2021-04-26T11:11:27","guid":{"rendered":"http:\/\/mercagranada.es\/?page_id=50584"},"modified":"2022-01-09T19:05:32","modified_gmt":"2022-01-09T17:05:32","slug":"seguridad","status":"publish","type":"page","link":"http:\/\/new.mercagranada.es\/espaciosdisponibles\/servicios-mercagranada\/seguridad\/","title":{"rendered":"Seguridad"},"content":{"rendered":"<p style=\"text-align:left;\">Mercagranada es un recinto totalmente cerrado con valla de protecci\u00f3n y un \u00fanico punto de acceso con barreras de entrada. El recinto est\u00e1 controlado 24 horas, todos los d\u00edas del a\u00f1o, por el personal propio de Mercagranada y una empresa de seguridad.<\/p>\n<p style=\"text-align:left;\"><span style=\"text-decoration:underline;\"><strong>SISTEMA DE CONTROL DE ACCESO<\/strong><\/span><\/p>\n<p style=\"text-align:left;\">Para regular y controlar el movimiento de veh\u00edculos de la Unidad Alimentaria, Mercagranada cuenta con un sistema de control de accesos por reconocimiento de matricula. De este modo, todas las entradas y salidas del recinto quedan registradas al objeto de ofrecer un mayor grado de seguridad a sus clientes y usuarios.<\/p>\n<p style=\"text-align:left;\"><span style=\"text-decoration:underline;\"><strong>SISTEMA DE VIDEOVIGILANCIA<\/strong><\/span><\/p>\n<p style=\"text-align:left;\">Mercagranada posee una red integrada por videoc\u00e1maras de vigilancia que est\u00e1n repartidas a lo largo de toda la Unidad Alimentaria.<\/p>\n<p><span style=\"text-decoration:underline;\"><strong>PROTECCI\u00d3N CONTRA INCENDIOS:<\/strong><\/span><\/p>\n<p style=\"text-align:left;\">Atendiendo a los constantes riesgos de origen natural y humano, y con la finalidad de estar preparados para una posible contingencia, Mercagranada cuenta con un plan de emergencia y evacuaci\u00f3n. El Plan de Autoprotecci\u00f3n es un esquema de actuaci\u00f3n para prevenir o disminuir los efectos de un siniestro con respecto a las personas, el medio ambiente y los bienes materiales que pudieran resultar afectados.<\/p>\n<p><a href=\"http:\/\/mercagranada.es\/espaciosdisponibles\/wp-content\/uploads\/bomberos.jpg\" data-rel=\"lightbox-image-0\" data-rl_title=\"\" data-rl_caption=\"\" title=\"\"><img loading=\"lazy\" class=\"ancho-completo aligncenter wp-image-1706\" src=\"http:\/\/mercagranada.es\/espaciosdisponibles\/wp-content\/uploads\/bomberos-1024x767.jpg\" alt=\"Seguridad y Control de Accesos - MercaGranada SA\" width=\"491\" height=\"368\" srcset=\"http:\/\/new.mercagranada.es\/espaciosdisponibles\/wp-content\/uploads\/bomberos-1024x767.jpg 1024w, http:\/\/new.mercagranada.es\/espaciosdisponibles\/wp-content\/uploads\/bomberos-300x224.jpg 300w, http:\/\/new.mercagranada.es\/espaciosdisponibles\/wp-content\/uploads\/bomberos-106x80.jpg 106w\" sizes=\"(max-width: 491px) 100vw, 491px\" \/><\/a><\/p>\n","protected":false},"excerpt":{"rendered":"<p>Mercagranada es un recinto totalmente cerrado con valla de protecci\u00f3n y un \u00fanico punto de acceso con barreras de entrada. El recinto est\u00e1 controlado 24 horas, todos los d\u00edas del a\u00f1o, por el personal propio de Mercagranada y una empresa de seguridad. SISTEMA DE CONTROL DE ACCESO Para regular y controlar el movimiento de veh\u00edculos [&hellip;]<\/p>\n","protected":false},"author":15,"featured_media":0,"parent":949,"menu_order":0,"comment_status":"open","ping_status":"closed","template":"page_sidebar.php","meta":[],"_links":{"self":[{"href":"http:\/\/new.mercagranada.es\/espaciosdisponibles\/wp-json\/wp\/v2\/pages\/50584"}],"collection":[{"href":"http:\/\/new.mercagranada.es\/espaciosdisponibles\/wp-json\/wp\/v2\/pages"}],"about":[{"href":"http:\/\/new.mercagranada.es\/espaciosdisponibles\/wp-json\/wp\/v2\/types\/page"}],"author":[{"embeddable":true,"href":"http:\/\/new.mercagranada.es\/espaciosdisponibles\/wp-json\/wp\/v2\/users\/15"}],"replies":[{"embeddable":true,"href":"http:\/\/new.mercagranada.es\/espaciosdisponibles\/wp-json\/wp\/v2\/comments?post=50584"}],"version-history":[{"count":3,"href":"http:\/\/new.mercagranada.es\/espaciosdisponibles\/wp-json\/wp\/v2\/pages\/50584\/revisions"}],"predecessor-version":[{"id":51147,"href":"http:\/\/new.mercagranada.es\/espaciosdisponibles\/wp-json\/wp\/v2\/pages\/50584\/revisions\/51147"}],"up":[{"embeddable":true,"href":"http:\/\/new.mercagranada.es\/espaciosdisponibles\/wp-json\/wp\/v2\/pages\/949"}],"wp:attachment":[{"href":"http:\/\/new.mercagranada.es\/espaciosdisponibles\/wp-json\/wp\/v2\/media?parent=50584"}],"curies":[{"name":"wp","href":"https:\/\/api.w.org\/{rel}","templated":true}]}}

<p style="text-align:left;">Mercagranada es un recinto totalmente cerrado con valla de protección y un único punto de acceso con barreras de entrada. El recinto está controlado 24 horas, todos los días del año, por el personal propio de Mercagranada y una empresa de seguridad.</p>
<p style="text-align:left;"><span style="text-decoration:underline;"><strong>SISTEMA DE CONTROL DE ACCESO</strong></span></p>
<p style="text-align:left;">Para regular y controlar el movimiento de vehículos de la Unidad Alimentaria, Mercagranada cuenta con un sistema de control de accesos por reconocimiento de matricula. De este modo, todas las entradas y salidas del recinto quedan registradas al objeto de ofrecer un mayor grado de seguridad a sus clientes y usuarios.</p>
<p style="text-align:left;"><span style="text-decoration:underline;"><strong>SISTEMA DE VIDEOVIGILANCIA</strong></span></p>
<p style="text-align:left;">Mercagranada posee una red integrada por videocámaras de vigilancia que están repartidas a lo largo de toda la Unidad Alimentaria.</p>
<p><span style="text-decoration:underline;"><strong>PROTECCIÓN CONTRA INCENDIOS:</strong></span></p>
<p style="text-align:left;">Atendiendo a los constantes riesgos de origen natural y humano, y con la finalidad de estar preparados para una posible contingencia, Mercagranada cuenta con un plan de emergencia y evacuación. El Plan de Autoprotección es un esquema de actuación para prevenir o disminuir los efectos de un siniestro con respecto a las personas, el medio ambiente y los bienes materiales que pudieran resultar afectados.</p>
<p><a href="http://mercagranada.es/espaciosdisponibles/wp-content/uploads/bomberos.jpg" data-rel="lightbox-image-0" data-rl_title="" data-rl_caption="" title=""><img loading="lazy" class="ancho-completo aligncenter wp-image-1706" src="http://mercagranada.es/espaciosdisponibles/wp-content/uploads/bomberos-1024x767.jpg" alt="Seguridad y Control de Accesos - MercaGranada SA" width="491" height="368" srcset="http://new.mercagranada.es/espaciosdisponibles/wp-content/uploads/bomberos-1024x767.jpg 1024w, http://new.mercagranada.es/espaciosdisponibles/wp-content/uploads/bomberos-300x224.jpg 300w, http://new.mercagranada.es/espaciosdisponibles/wp-content/uploads/bomberos-106x80.jpg 106w" sizes="(max-width: 491px) 100vw, 491px" /></a></p>

<p>Mercagranada es un recinto totalmente cerrado con valla de protección y un único punto de acceso con barreras de entrada. El recinto está controlado 24 horas, todos los días del año, por el personal propio de Mercagranada y una empresa de seguridad. SISTEMA DE CONTROL DE ACCESO Para regular y controlar el movimiento de vehículos [&hellip;]</p>
