{"id":1309,"date":"2013-09-09T11:50:11","date_gmt":"2013-09-09T11:50:11","guid":{"rendered":"http:\/\/mercagranada.es\/espaciosdisponibles\/?page_id=1309"},"modified":"2021-03-15T15:03:35","modified_gmt":"2021-03-15T13:03:35","slug":"quienes-somos","status":"publish","type":"page","link":"https:\/\/new.mercagranada.es\/espaciosdisponibles\/quienes-somos\/","title":{"rendered":"Qui\u00e9nes Somos"},"content":{"rendered":"<p style=\"text-align: center;\"><iframe title=\"CORPORATIVO MERCAGRANADA 2019\" width=\"500\" height=\"281\" src=\"https:\/\/www.youtube.com\/embed\/AinNcjeGB4I?feature=oembed\" frameborder=\"0\" allow=\"accelerometer; autoplay; clipboard-write; encrypted-media; gyroscope; picture-in-picture\" allowfullscreen><\/iframe><\/p>\n<p style=\"text-align: justify;\">Mercados Centrales de Abastecimiento de Granada, S.A. (en adelante, <strong>Mercagranada<\/strong>) es una sociedad de capital p\u00fablico. Su accionariado lo compone el <a href=\"https:\/\/www.granada.org\/\"><span style=\"color: #333399;\">Excmo. Ayuntamiento de Granada<\/span><\/a> (en un 51,29 %) y la <span style=\"color: #333399;\"><a style=\"color: #333399;\" href=\"https:\/\/www.mercasa.es\/\">Empresa Nacional Mercasa\u00a0S.M.E.M.P<\/a><\/span> (con un 48,71 %), integrada esta, a su vez, en el grupo de empresas Sociedad Estatal de Participaciones Industriales (SEPI), adscrita al Ministerio de Hacienda y Administraciones P\u00fablicas, con dependencia directa del Ministro.<\/p>\n<p style=\"text-align: justify;\"><strong>Mercagranada<\/strong> tiene encomendado, como organismo p\u00fablico, la promoci\u00f3n y explotaci\u00f3n de los Mercados Mayoristas de la ciudad de Granada as\u00ed como la mejora de todos los \u00f3rdenes del ciclo de comercializaci\u00f3n de los productos de alimentaci\u00f3n fresca. El Consejo de Administraci\u00f3n est\u00e1 compuesto por entidades de car\u00e1cter p\u00fablico.<\/p>\n<p style=\"text-align: justify;\">Desde su inauguraci\u00f3n hasta la fecha, <strong>Mercagranada<\/strong> ha convertido sus instalaciones en un <span style=\"color: #0000ff;\"><strong>CENTRO LOG\u00cdSTICO Y DE SERVICIOS<\/strong><\/span> especializado en alimentaci\u00f3n.<\/p>\n<p style=\"text-align: justify;\"><strong>Mercagranada<\/strong> abastece de productos, adem\u00e1s de a la provincia de Granada con una poblaci\u00f3n 919.455 habitantes repartidos entre la capital y su \u00e1rea metropolitana, a poblaciones de las provincias lim\u00edtrofes como M\u00e1laga, Ja\u00e9n, C\u00f3rdoba y Almer\u00eda.<\/p>\n<p style=\"text-align: justify;\">Mercagranada presta <span style=\"color: #0000ff;\"><strong>SERVICIOS<\/strong> <\/span>a m\u00e1s de 100 empresas establecidas en el recinto de la Unidad Alimentaria. Entre los mismos, destacamos:<\/p>\n<ul>\n<li><span style=\"color: #0000ff;\"><a style=\"color: #0000ff;\" href=\"http:\/\/mercagranada.es\/nuestros-mayoristas\/\"><strong><span style=\"text-decoration: underline;\"><span style=\"color: #333399; text-decoration: underline;\"><span style=\"color: #333333; text-decoration: underline;\">Adjudicaciones mediante licitaciones p\u00fablicas con contratos de arrendamiento<\/span><\/span><\/span><\/strong><\/a><\/span><span style=\"color: #333333;\"> <strong>al amparo del derecho civil y mercantil de m\u00f3dulos, derechos de superficie, locales y oficinas<\/strong> en naves de Frutas y Hortalizas, Pescados, Polivalencia y Zona de Actividades Complementarias.<\/span><\/li>\n<li><span style=\"color: #333333;\"><strong>Servicios de fr\u00edo en c\u00e1maras<\/strong> para conservaci\u00f3n de productos frescos.<\/span><img loading=\"lazy\" class=\" wp-image-8902 alignright\" src=\"http:\/\/mercagranada.es\/espaciosdisponibles\/wp-content\/uploads\/2013\/09\/flyer-40-a\u00f1os-carreras-cara-B.jpg\" alt=\"Servicios - MercaGranada\" width=\"318\" height=\"451\" srcset=\"https:\/\/new.mercagranada.es\/espaciosdisponibles\/wp-content\/uploads\/2013\/09\/flyer-40-a\u00f1os-carreras-cara-B.jpg 500w, https:\/\/new.mercagranada.es\/espaciosdisponibles\/wp-content\/uploads\/2013\/09\/flyer-40-a\u00f1os-carreras-cara-B-212x300.jpg 212w\" sizes=\"(max-width: 318px) 100vw, 318px\" \/><\/li>\n<li><span style=\"color: #0000ff;\"><a style=\"color: #0000ff;\" href=\"http:\/\/mercagranada.es\/servicios-mercagranada\/venta-de-hielo-en-escamas-al-por-mayor-en-granada\/\"><strong><span style=\"text-decoration: underline;\"><span style=\"color: #333399; text-decoration: underline;\"><span style=\"color: #333333; text-decoration: underline;\">Venta de hielo<\/span><\/span><\/span><\/strong><\/a><\/span><span style=\"color: #333333;\"> <strong>en escamas<\/strong> a operadores y usuarios.<\/span><\/li>\n<li><span style=\"color: #333333;\">Recinto totalmente <strong><span style=\"text-decoration: underline;\"><a style=\"color: #333333; text-decoration: underline;\" href=\"http:\/\/mercagranada.es\/servicios-mercagranada\/control-de-accesos\/\">cerrado y controlado<\/a><\/span><\/strong> por accesos <strong>automatizados<\/strong>. Servicio <strong>24 horas, 365 d\u00edas del a\u00f1o.<\/strong><\/span><\/li>\n<li><span style=\"color: #333333;\"><a style=\"color: #333333;\" href=\"http:\/\/mercagranada.es\/servicios-mercagranada\/seguridad\/\"><strong><span style=\"text-decoration: underline;\">Seguridad<\/span><\/strong><\/a> en el recinto, mediante modernos <strong>sistemas de control<\/strong> y <strong>personal de vigilancia<\/strong>.<\/span><\/li>\n<li><span style=\"color: #333333;\"><strong>Servicio de Limpieza y DDD <\/strong>en zonas comunes y viales de la Unidad Alimentaria.<\/span><\/li>\n<li><span style=\"color: #333333;\"><a style=\"color: #333333;\" href=\"http:\/\/mercagranada.es\/servicios-mercagranada\/gestion-de-residuos\/\"><strong><span style=\"text-decoration: underline;\">Retirada, separaci\u00f3n y tratamiento de residuos<\/span><\/strong><\/a>.<\/span><\/li>\n<li><span style=\"color: #333333;\"><a style=\"color: #333333;\" href=\"http:\/\/mercagranada.es\/servicios-mercagranada\/alquiler-parking\/\"><strong><span style=\"text-decoration: underline;\">Parking<\/span><\/strong><\/a>\u00a0para trailers, autobuses, caravanas y veh\u00edculos industriales.<\/span><\/li>\n<li><span style=\"color: #333333;\"><strong>Servicios de marketing y comunicaci\u00f3n <\/strong>para Operadores y clientes detallistas y HORECO.<\/span><\/li>\n<li><span style=\"color: #333333;\"><strong>Digitalizaci\u00f3n<\/strong>. Ofreciendo servicios telem\u00e1ticos que constituyen una alternativa a la realizaci\u00f3n de tr\u00e1mites y gestiones administrativas de car\u00e1cter presencial (Oficina Virtual).<\/span><\/li>\n<li><span style=\"color: #333333;\">Servicios de <b>mantenimiento <\/b>a medida con respuesta \u00e1gil y eficiente.<\/span><\/li>\n<li><span style=\"color: #333333;\"><strong>Patrocinio, participaci\u00f3n y colaboraci\u00f3n<\/strong> en jornadas de promoci\u00f3n, comercial, acciones deportivas, culturales, solidarias, igualdad e I+D+i.<\/span><\/li>\n<li><span style=\"color: #333333;\"><strong>Cesi\u00f3n de la infraestructura y servicios <\/strong>necesarios para el desarrollo de la actividad de la Fundaci\u00f3n <a style=\"color: #333333;\" href=\"http:\/\/mercagranada.es\/banco-de-alimentos\/\"><strong>Banco de Alimentos de Granada<\/strong>.<\/a><\/span><\/li>\n<li><span style=\"color: #333333;\"><strong>Organizaci\u00f3n de visitas<\/strong>\u00a0 para formar a colectivos especiales, escolares y a futuros profesionales de la Hosteler\u00eda y la distribuci\u00f3n en el consumo responsable de alimentos, adquisici\u00f3n de h\u00e1bitos nutricionales saludables, la gesti\u00f3n medioambiental sostenible y el fomento del valor de la solidaridad.<\/span><\/li>\n<\/ul>\n<p><strong>Otros servicios que se prestan en Mercagranada:<\/strong><\/p>\n<ul>\n<li><strong>Servicio de autolavado<\/strong> de camiones, autobuses, caravanas, turismos y veh\u00edculos industriales.<\/li>\n<li><strong>Combustible<\/strong> para automoci\u00f3n, en el acceso a la Unidad\u00a0Alimentaria<strong>.<\/strong><\/li>\n<li>Puntos de <strong>recarga el\u00e9ctrica<\/strong> para veh\u00edculos.<\/li>\n<li>Restauraci\u00f3n y <strong>Cafeter\u00eda\/s.<\/strong><\/li>\n<li><strong>Estanco y Gestor\u00edas.<\/strong><\/li>\n<li><strong>Servicios financieros.<\/strong> Caja Rural.<\/li>\n<\/ul>\n<p>&nbsp;<\/p>\n<p><a href=\"http:\/\/mercagranada.es\/espaciosdisponibles\/wp-content\/uploads\/mision-vision-valores.jpg\" data-rel=\"lightbox-image-0\" data-rl_title=\"\" data-rl_caption=\"\" title=\"\"><img loading=\"lazy\" class=\"alignleft wp-image-5174 size-full\" src=\"http:\/\/mercagranada.es\/espaciosdisponibles\/wp-content\/uploads\/mision-vision-valores.jpg\" alt=\"Quienes Somos - MercaGranada SA\" width=\"235\" height=\"319\" srcset=\"https:\/\/new.mercagranada.es\/espaciosdisponibles\/wp-content\/uploads\/mision-vision-valores.jpg 235w, https:\/\/new.mercagranada.es\/espaciosdisponibles\/wp-content\/uploads\/mision-vision-valores-221x300.jpg 221w\" sizes=\"(max-width: 235px) 100vw, 235px\" \/><\/a><\/p>\n<p>&nbsp;<\/p>\n<h2>PROPOSITO, MISI\u00d3N, VISI\u00d3N Y VALORES DE MERCAGRANADA<\/h2>\n<div class=\"clear\"><\/div>\n<div class=\"bloqueQuienes\">\n<h5 style=\"color: #617d95;\"><span style=\"color: #993366;\">Prop\u00f3sito<\/span><\/h5>\n<p>Facilitar las mejores infraestructuras y servicios para la <strong>comercializaci\u00f3n<\/strong> y la <strong>log\u00edstica<\/strong> <strong>integral de alimentos frescos<\/strong>.<\/p>\n<\/div>\n<div class=\"bloqueQuienes\">\n<h5 style=\"text-align: justify; color: #ca503d;\"><span style=\"color: #666699;\">Misi\u00f3n<\/span><\/h5>\n<p style=\"text-align: justify;\"><strong>Ofrecer servicios innovadores e infraestructuras de calidad<\/strong> que generen valor a\u00f1adido a nuestros clientes, para el desarrollo de las actividades de distribuci\u00f3n y log\u00edstica, especialmente de alimentos frescos, en nuestra \u00e1rea de influencia, <strong>gestionando la transformaci\u00f3n para la mayor eficiencia y transparencia<\/strong>, a trav\u00e9s de un <strong>equipo humano capacitado y motivado<\/strong>, as\u00ed como con acuerdos solidos con colaboradores y proveedores. Todo ello, dentro <strong>un marco de desarrollo sostenible a nivel econ\u00f3mico, social y medioambiental<\/strong>.<\/p>\n<\/div>\n<div class=\"bloqueQuienes\">\n<h5 style=\"text-align: justify; color: #ca503d;\">Visi\u00f3n<\/h5>\n<p style=\"text-align: justify;\">Ser <strong>referente como centro log\u00edstico especializado en productos de alimentaci\u00f3n fresca<\/strong>, por nuestras infraestructuras y servicios integrales para la distribuci\u00f3n del futuro, as\u00ed como por una <strong>gesti\u00f3n innovadora y responsable econ\u00f3mica, social y medioambiental<\/strong>.<\/p>\n<\/div>\n<div class=\"bloqueQuienes\">\n<h5 style=\"color: #f3974f;\">Valores<\/h5>\n<ul>\n<li><strong>Compromiso de servicio esencial<\/strong><\/li>\n<li><span data-contrast=\"auto\"><strong>Responsabilidad<\/strong> econ\u00f3mica, social y medioambiental<\/span><span data-ccp-props=\"{&quot;134233279&quot;:true,&quot;201341983&quot;:0,&quot;335551550&quot;:6,&quot;335551620&quot;:6,&quot;335559738&quot;:120,&quot;335559739&quot;:160,&quot;335559740&quot;:259}\">\u00a0<\/span><\/li>\n<li><span data-contrast=\"auto\"><strong>Innovaci\u00f3n<\/strong> permanente<\/span><span data-ccp-props=\"{&quot;134233279&quot;:true,&quot;201341983&quot;:0,&quot;335551550&quot;:6,&quot;335551620&quot;:6,&quot;335559738&quot;:120,&quot;335559739&quot;:160,&quot;335559740&quot;:259}\">\u00a0<\/span><\/li>\n<li><span data-contrast=\"auto\">Orientaci\u00f3n al <strong>cliente<\/strong><\/span><strong>\u00a0<\/strong><\/li>\n<li><span data-contrast=\"auto\">Excelencia y transparencia en la <strong>gesti\u00f3n<\/strong><\/span><strong>\u00a0<\/strong><\/li>\n<li><span data-contrast=\"auto\"><strong>Cualificaci\u00f3n<\/strong> y <strong>motivaci\u00f3n<\/strong> constantes\u00a0<\/span><span data-ccp-props=\"{&quot;134233279&quot;:true,&quot;201341983&quot;:0,&quot;335551550&quot;:6,&quot;335551620&quot;:6,&quot;335559738&quot;:120,&quot;335559739&quot;:160,&quot;335559740&quot;:259}\">\u00a0<\/span><\/li>\n<li><span data-contrast=\"auto\">Orientaci\u00f3n a la <strong>transformaci\u00f3n<\/strong><\/span><\/li>\n<\/ul>\n<\/div>\n","protected":false},"excerpt":{"rendered":"<p>Mercados Centrales de Abastecimiento de Granada, S.A. (en adelante, Mercagranada) es una sociedad de capital p\u00fablico. Su accionariado lo compone el Excmo. Ayuntamiento de Granada (en un 51,29 %) y la Empresa Nacional Mercasa\u00a0S.M.E.M.P (con un 48,71 %), integrada esta, a su vez, en el grupo de empresas Sociedad Estatal de Participaciones Industriales (SEPI), adscrita [&hellip;]<\/p>\n","protected":false},"author":1,"featured_media":0,"parent":0,"menu_order":0,"comment_status":"open","ping_status":"open","template":"page_sidebar.php","meta":[],"_links":{"self":[{"href":"https:\/\/new.mercagranada.es\/espaciosdisponibles\/wp-json\/wp\/v2\/pages\/1309"}],"collection":[{"href":"https:\/\/new.mercagranada.es\/espaciosdisponibles\/wp-json\/wp\/v2\/pages"}],"about":[{"href":"https:\/\/new.mercagranada.es\/espaciosdisponibles\/wp-json\/wp\/v2\/types\/page"}],"author":[{"embeddable":true,"href":"https:\/\/new.mercagranada.es\/espaciosdisponibles\/wp-json\/wp\/v2\/users\/1"}],"replies":[{"embeddable":true,"href":"https:\/\/new.mercagranada.es\/espaciosdisponibles\/wp-json\/wp\/v2\/comments?post=1309"}],"version-history":[{"count":98,"href":"https:\/\/new.mercagranada.es\/espaciosdisponibles\/wp-json\/wp\/v2\/pages\/1309\/revisions"}],"predecessor-version":[{"id":50402,"href":"https:\/\/new.mercagranada.es\/espaciosdisponibles\/wp-json\/wp\/v2\/pages\/1309\/revisions\/50402"}],"wp:attachment":[{"href":"https:\/\/new.mercagranada.es\/espaciosdisponibles\/wp-json\/wp\/v2\/media?parent=1309"}],"curies":[{"name":"wp","href":"https:\/\/api.w.org\/{rel}","templated":true}]}}