{"id":1843,"date":"2013-09-26T12:28:27","date_gmt":"2013-09-26T10:28:27","guid":{"rendered":"http:\/\/mercagranada.es\/?page_id=1843"},"modified":"2024-06-12T10:01:27","modified_gmt":"2024-06-12T08:01:27","slug":"memoria-rse","status":"publish","type":"page","link":"https:\/\/new.mercagranada.es\/espaciosdisponibles\/memoria-rse\/","title":{"rendered":"Memorias RSE"},"content":{"rendered":"<h2 style=\"text-align: justify;\"><strong>Ya puedes ver cualquier Memoria de Responsabilidad Social y Empresarial (Memoria RSE)<\/strong><\/h2>\n<p style=\"text-align: justify;\"><strong> <a class=\"sin_estilo\" href=\"http:mercagranada.es\/memoria-rse\"> Mercagranada S.A. <\/a> <\/strong> est\u00e1 comprometida a desarrollar su actividad con una clara orientaci\u00f3n a sus clientes mediante criterios de gesti\u00f3n basados en la<strong> eficiencia, transparencia y excelencia<\/strong>, sin olvidar la sostenibilidad econ\u00f3mica, social y medioambiental, prestando una especial atenci\u00f3n a los m\u00e1s desfavorecidos y con la premisa de lograr la mejor satisfacci\u00f3n y <strong>clima laboral<\/strong> posibles en nuestra plantilla. Mira y descarga la Memoria RSE de los a\u00f1os anteriores.<\/p>\n<p style=\"text-align: justify;\">En nuestro compromiso con la sociedad hemos querido daros a conocer nuestra <strong>Memoria de Responsabilidad Social<\/strong> a trav\u00e9s de la cu\u00e1l conocer\u00e9is los principios a trav\u00e9s de los cu\u00e1les nos guiamos para llevar a cabo nuestras pol\u00edticas y acciones tanto presentes como futuras. Rigor, austeridad, profesionalidad y transparencia son los principios que nos ayudar\u00e1n a llevar a cabo nuestras acciones de responsabilidad con la Sociedad a la que servimos.<\/p>\n<div class=\"col-xs-12 col-md-6\" style=\"overflow: hidden; height: 320px;\">\n<div class=\"BoxDescargar\"><img loading=\"lazy\" class=\"BoxDescargarImg alignnone wp-image-52551 size-full\" title=\"memoria rse 2023 mercagranada\" src=\"https:\/\/mercagranada.es\/espaciosdisponibles\/wp-content\/uploads\/2024\/06\/Portada-RSE-2023.png\" alt=\"\" width=\"996\" height=\"705\" srcset=\"https:\/\/new.mercagranada.es\/espaciosdisponibles\/wp-content\/uploads\/2024\/06\/Portada-RSE-2023.png 996w, https:\/\/new.mercagranada.es\/espaciosdisponibles\/wp-content\/uploads\/2024\/06\/Portada-RSE-2023-300x212.png 300w, https:\/\/new.mercagranada.es\/espaciosdisponibles\/wp-content\/uploads\/2024\/06\/Portada-RSE-2023-768x544.png 768w\" sizes=\"(max-width: 996px) 100vw, 996px\" \/><a class=\"BotonDescargar\" style=\"position: absolute; top: calc(50% - 20px); left: calc(50% - 45px); padding: 12px 30px; opacity: 0; color: #fff; font-size: 14px; border-radius: 30px; background: #373b43; font-family: 'CenturyGothic';\" href=\"https:\/\/mercagranada.es\/espaciosdisponibles\/wp-content\/uploads\/2024\/06\/RSE-2023.pdf\" target=\"_BLANK\" rel=\"noopener noreferrer\">Ver<\/a><\/div>\n<\/div>\n<div class=\"row\">\n<div><\/div>\n<div class=\"col-xs-12 col-md-6\" style=\"overflow: hidden; height: 320px;\">\n<div class=\"BoxDescargar\"><img loading=\"lazy\" class=\"BoxDescargarImg alignright wp-image-51074 size-large\" title=\"memoria rse 2022 mercagranada\" src=\"http:\/\/mercagranada.es\/espaciosdisponibles\/wp-content\/uploads\/2023\/07\/Portada-RSE-2022.jpg\" alt=\"\" width=\"1024\" height=\"1006\" \/><a class=\"BotonDescargar\" style=\"position: absolute; top: calc(50% - 20px); left: calc(50% - 45px); padding: 12px 30px; opacity: 0; color: #fff; font-size: 14px; border-radius: 30px; background: #373b43; font-family: 'CenturyGothic';\" href=\"http:\/\/mercagranada.es\/espaciosdisponibles\/wp-content\/uploads\/2023\/09\/RSE-2022-sep-23.pdf\" target=\"_BLANK\" rel=\"noopener noreferrer\">Ver<\/a><\/div>\n<\/div>\n<div class=\"col-xs-12 col-md-6\" style=\"overflow: hidden; height: 320px;\">\n<div class=\"BoxDescargar\"><img loading=\"lazy\" class=\"BoxDescargarImg alignright wp-image-51074 size-large\" title=\"memoria rse 2021 mercagranada\" src=\"http:\/\/mercagranada.es\/espaciosdisponibles\/wp-content\/uploads\/2023\/06\/Portada-RSE21.jpg\" alt=\"\" width=\"1024\" height=\"1006\" \/><a class=\"BotonDescargar\" style=\"position: absolute; top: calc(50% - 20px); left: calc(50% - 45px); padding: 12px 30px; opacity: 0; color: #fff; font-size: 14px; border-radius: 30px; background: #373b43; font-family: 'CenturyGothic';\" href=\"http:\/\/mercagranada.es\/espaciosdisponibles\/wp-content\/uploads\/2023\/06\/RESPONSABILIDAD-SOCIAL-2021.pdf\" target=\"_BLANK\" rel=\"noopener noreferrer\">Ver<\/a><\/div>\n<\/div>\n<div class=\"col-xs-12 col-md-6\" style=\"overflow: hidden; height: 320px;\">\n<div class=\"BoxDescargar\"><img loading=\"lazy\" class=\"BoxDescargarImg alignright wp-image-51074 size-large\" title=\"memoria rse 2020 mercagranada\" src=\"http:\/\/mercagranada.es\/espaciosdisponibles\/wp-content\/uploads\/2021\/11\/Screenshot_20211117-164543_Adobe-Acrobat-1024x1006.jpg\" alt=\"\" width=\"1024\" height=\"1006\" srcset=\"https:\/\/new.mercagranada.es\/espaciosdisponibles\/wp-content\/uploads\/2021\/11\/Screenshot_20211117-164543_Adobe-Acrobat-1024x1006.jpg 1024w, https:\/\/new.mercagranada.es\/espaciosdisponibles\/wp-content\/uploads\/2021\/11\/Screenshot_20211117-164543_Adobe-Acrobat-300x295.jpg 300w, https:\/\/new.mercagranada.es\/espaciosdisponibles\/wp-content\/uploads\/2021\/11\/Screenshot_20211117-164543_Adobe-Acrobat-768x755.jpg 768w, https:\/\/new.mercagranada.es\/espaciosdisponibles\/wp-content\/uploads\/2021\/11\/Screenshot_20211117-164543_Adobe-Acrobat.jpg 1044w\" sizes=\"(max-width: 1024px) 100vw, 1024px\" \/><a class=\"BotonDescargar\" style=\"position: absolute; top: calc(50% - 20px); left: calc(50% - 45px); padding: 12px 30px; opacity: 0; color: #fff; font-size: 14px; border-radius: 30px; background: #373b43; font-family: 'CenturyGothic';\" href=\"http:\/\/mercagranada.es\/espaciosdisponibles\/wp-content\/uploads\/2021\/09\/RSE_2020.pdf\" target=\"_BLANK\" rel=\"noopener noreferrer\">Ver<\/a><\/div>\n<\/div>\n<div class=\"col-xs-12 col-md-6\" style=\"overflow: hidden; height: 320px;\">\n<div class=\"BoxDescargar\"><img loading=\"lazy\" class=\"BoxDescargarImg aligncenter wp-image-1844 size-medium\" title=\"memoria rse 2019 mercagranada\" src=\"http:\/\/mercagranada.es\/espaciosdisponibles\/wp-content\/uploads\/2020\/07\/RSE_PORTADA.jpg\" alt=\"Memoria RSE 2019\" width=\"390\" height=\"390\" \/><a class=\"BotonDescargar\" style=\"position: absolute; top: calc(50% - 20px); left: calc(50% - 45px); padding: 12px 30px; opacity: 0; color: #fff; font-size: 14px; border-radius: 30px; background: #373b43; font-family: 'CenturyGothic';\" href=\"http:\/\/mercagranada.es\/memoria-rse-2019\/\" target=\"_BLANK\" rel=\"noopener noreferrer\">Ver<\/a><\/div>\n<\/div>\n<div class=\"col-xs-12 col-md-6\" style=\"overflow: hidden; height: 320px;\">\n<div class=\"BoxDescargar\"><img class=\"aligncenter wp-image-1844 size-medium BoxDescargarImg\" title=\"memoria rse 2018 mercagranada\" src=\"http:\/\/mercagranada.es\/espaciosdisponibles\/wp-content\/uploads\/2019\/10\/portada-memoria-rse-2018.jpg\" alt=\"Memoria RSE 2018\" width=\"100%\" \/><a class=\"BotonDescargar\" style=\"position: absolute; top: calc(50% - 20px); left: calc(50% - 45px); padding: 12px 30px; opacity: 0; color: #fff; font-size: 14px; border-radius: 30px; background: #373b43; font-family: 'CenturyGothic';\" href=\"http:\/\/mercagranada.es\/memoria-rse-2018\/\" target=\"_BLANK\" rel=\"noopener noreferrer\">Ver<\/a><\/div>\n<\/div>\n<div class=\"col-xs-12 col-md-6\" style=\"overflow: hidden; height: 320px;\">\n<div class=\"BoxDescargar\"><img class=\"aligncenter wp-image-1844 size-medium BoxDescargarImg\" title=\"memoria rse 2017 mercagranada\" src=\"http:\/\/mercagranada.es\/espaciosdisponibles\/wp-content\/uploads\/2018\/06\/Memoria-RSE-2017_IMPRENTA-1.jpg\" alt=\"Memoria RSE 2015\" width=\"100%\" \/><a class=\"BotonDescargar\" style=\"position: absolute; top: calc(50% - 20px); left: calc(50% - 75px); padding: 12px 30px; opacity: 0; color: #fff; font-size: 14px; border-radius: 30px; background: #373b43; font-family: 'CenturyGothic';\" href=\"http:\/\/mercagranada.es\/espaciosdisponibles\/wp-content\/uploads\/2018\/06\/Memoria-RSE-2017.pdf\" target=\"_BLANK\" rel=\"noopener noreferrer\">Descargar<\/a><\/div>\n<\/div>\n<div class=\"col-xs-12 col-md-6\" style=\"overflow: hidden; height: 320px;\">\n<div class=\"BoxDescargar\"><img class=\"aligncenter wp-image-1844 size-medium BoxDescargarImg\" title=\"memoria rse 2016 mercagranada\" src=\"http:\/\/mercagranada.es\/espaciosdisponibles\/wp-content\/uploads\/RSE-2016.jpg\" alt=\"Memoria RSE 2015\" width=\"100%\" \/><a class=\"BotonDescargar\" style=\"position: absolute; top: calc(50% - 20px); left: calc(50% - 75px); padding: 12px 30px; opacity: 0; color: #fff; font-size: 14px; border-radius: 30px; background: #373b43; font-family: 'CenturyGothic';\" href=\"http:\/\/mercagranada.es\/descargas\/memoria-rse-2016\/\" target=\"_BLANK\" rel=\"noopener noreferrer\">Descargar<\/a><\/div>\n<\/div>\n<div class=\"col-xs-12 col-md-6\" style=\"overflow: hidden; height: 320px;\">\n<div class=\"BoxDescargar\"><img class=\"aligncenter wp-image-1844 size-medium BoxDescargarImg\" title=\"memoria rse 2015 mercagranada\" src=\"http:\/\/mercagranada.es\/espaciosdisponibles\/wp-content\/uploads\/MERCAGRANADA_RSE-2015.jpg\" alt=\"Memoria RSE 2015\" width=\"100%\" \/> <a class=\"BotonDescargar\" style=\"position: absolute; top: calc(50% - 20px); left: calc(50% - 75px); padding: 12px 30px; opacity: 0; color: #fff; font-size: 14px; border-radius: 30px; background: #373b43; font-family: 'CenturyGothic';\" href=\"http:\/\/mercagranada.es\/descargas\/memoria-rse-2015.pdf\">Descargar<\/a><\/div>\n<\/div>\n<div class=\"col-xs-12 col-md-6\" style=\"border-left: 1px solid #eaeaea; margin-left: -1px;\">\n<div class=\"BoxDescargar\"><img class=\"aligncenter wp-image-1844 size-medium BoxDescargarImg\" title=\"memoria rse 2012 mercagranada\" src=\"http:\/\/mercagranada.es\/espaciosdisponibles\/wp-content\/uploads\/rse-2014.jpg\" alt=\"Memoria RSE 2014\" width=\"100%\" \/> <a class=\"BotonDescargar\" style=\"position: absolute; top: calc(50% - 20px); left: calc(50% - 75px); padding: 12px 30px; opacity: 0; color: #fff; font-size: 14px; border-radius: 30px; background: #373b43; font-family: 'CenturyGothic';\" href=\"\/descargas\/memoria-rse-2014.pdf\">Descargar<\/a><\/div>\n<\/div>\n<div class=\"col-xs-12 col-md-6\">\n<div class=\"BoxDescargar\"><img class=\"aligncenter wp-image-1844 size-medium BoxDescargarImg\" title=\"memoria rse 2012 mercagranada\" src=\"http:\/\/mercagranada.es\/espaciosdisponibles\/wp-content\/uploads\/memoria-rse-2013-300x221.jpg\" alt=\"Memoria RSE 2013\" width=\"100%\" \/> <a class=\"BotonDescargar\" style=\"position: absolute; top: calc(50% - 20px); left: calc(50% - 75px); padding: 12px 30px; opacity: 0; color: #fff; font-size: 14px; border-radius: 30px; background: #373b43; font-family: 'CenturyGothic';\" href=\"\/descargas\/memoria-rse-2013.pdf\">Descargar<\/a><\/div>\n<\/div>\n<div class=\"col-xs-12 col-md-6\" style=\"border-left: 1px solid #eaeaea;\">\n<div class=\"BoxDescargar\"><img class=\"aligncenter wp-image-1844 size-medium BoxDescargarImg\" title=\"memoria rse 2012 mercagranada\" src=\"http:\/\/mercagranada.es\/espaciosdisponibles\/wp-content\/uploads\/PORTADA-RSE-br-300x212.jpg\" alt=\"Memoria RSE 2012\" width=\"100%\" srcset=\"https:\/\/new.mercagranada.es\/espaciosdisponibles\/wp-content\/uploads\/PORTADA-RSE-br-300x212.jpg 300w, https:\/\/new.mercagranada.es\/espaciosdisponibles\/wp-content\/uploads\/PORTADA-RSE-br.jpg 610w\" sizes=\"(max-width: 300px) 100vw, 300px\" \/> <a class=\"BotonDescargar\" style=\"position: absolute; top: calc(50% - 20px); left: calc(50% - 75px); padding: 12px 30px; opacity: 0; color: #fff; font-size: 14px; border-radius: 30px; background: #373b43; font-family: 'CenturyGothic';\" href=\"\/descargas\/memoria-rse-2012.pdf\">Descargar<\/a><\/div>\n<\/div>\n<p style=\"display: inline-block; text-align: center; width: 100%;\"><a style=\"background-color: #000; color: #ffffff; padding: 5px 10px;\" href=\"http:\/\/mercagranada.es\/mercagranada-y-los-diez-principios-del-pacto-mundial\/\" target=\"_blank\" rel=\"noopener noreferrer\">Mercagranada y Los diez Principios del Pacto Mundial<\/a><\/p>\n<\/div>\n","protected":false},"excerpt":{"rendered":"<p>Ya puedes ver cualquier Memoria de Responsabilidad Social y Empresarial (Memoria RSE) Mercagranada S.A. est\u00e1 comprometida a desarrollar su actividad con una clara orientaci\u00f3n a sus clientes mediante criterios de gesti\u00f3n basados en la eficiencia, transparencia y excelencia, sin olvidar la sostenibilidad econ\u00f3mica, social y medioambiental, prestando una especial atenci\u00f3n a los m\u00e1s desfavorecidos y [&hellip;]<\/p>\n","protected":false},"author":1,"featured_media":0,"parent":0,"menu_order":0,"comment_status":"open","ping_status":"open","template":"page_sidebar.php","meta":[],"_links":{"self":[{"href":"https:\/\/new.mercagranada.es\/espaciosdisponibles\/wp-json\/wp\/v2\/pages\/1843"}],"collection":[{"href":"https:\/\/new.mercagranada.es\/espaciosdisponibles\/wp-json\/wp\/v2\/pages"}],"about":[{"href":"https:\/\/new.mercagranada.es\/espaciosdisponibles\/wp-json\/wp\/v2\/types\/page"}],"author":[{"embeddable":true,"href":"https:\/\/new.mercagranada.es\/espaciosdisponibles\/wp-json\/wp\/v2\/users\/1"}],"replies":[{"embeddable":true,"href":"https:\/\/new.mercagranada.es\/espaciosdisponibles\/wp-json\/wp\/v2\/comments?post=1843"}],"version-history":[{"count":100,"href":"https:\/\/new.mercagranada.es\/espaciosdisponibles\/wp-json\/wp\/v2\/pages\/1843\/revisions"}],"predecessor-version":[{"id":52552,"href":"https:\/\/new.mercagranada.es\/espaciosdisponibles\/wp-json\/wp\/v2\/pages\/1843\/revisions\/52552"}],"wp:attachment":[{"href":"https:\/\/new.mercagranada.es\/espaciosdisponibles\/wp-json\/wp\/v2\/media?parent=1843"}],"curies":[{"name":"wp","href":"https:\/\/api.w.org\/{rel}","templated":true}]}}