{"id":7390,"date":"2016-08-29T12:00:55","date_gmt":"2016-08-29T10:00:55","guid":{"rendered":"http:\/\/mercagranada.es\/?page_id=7390"},"modified":"2022-06-06T11:41:17","modified_gmt":"2022-06-06T09:41:17","slug":"visita-profesionales","status":"publish","type":"page","link":"https:\/\/new.mercagranada.es\/espaciosdisponibles\/visita-profesionales\/","title":{"rendered":"Visitas Guiadas Profesionales"},"content":{"rendered":"<p>\u00bfA\u00fan no conoce <strong>MERCAGRANADA<\/strong>?<\/p>\n<p>Somos el mayor Centro Log\u00edstico y de Servicios, especializado en alimentaci\u00f3n fresca, de Granada.<\/p>\n<p><strong>\u00a1\u00a1Le invitamos a que nos visite!!<\/strong><\/p>\n<p>D\u00e9jenos sus datos, vis\u00edtenos y descubrir\u00e1 un mundo para su empresa o comercio.<\/p>\n<p>Le ofreceremos una vista por nuestras instalaciones, asesoramiento sobre nuestros servicios, presentaci\u00f3n de las empresas que ya est\u00e1n implantadas, as\u00ed como cualquier duda o consulta que precise.<\/p>\n<div role=\"form\" class=\"wpcf7\" id=\"wpcf7-f51346-o1\" lang=\"es-ES\" dir=\"ltr\">\n<div class=\"screen-reader-response\">\n<p role=\"status\" aria-live=\"polite\" aria-atomic=\"true\">\n<ul><\/ul>\n<\/div>\n<form action=\"\/espaciosdisponibles\/wp-json\/wp\/v2\/pages\/7390#wpcf7-f51346-o1\" method=\"post\" class=\"wpcf7-form init\" novalidate=\"novalidate\" data-status=\"init\">\n<div style=\"display: none;\">\n<input type=\"hidden\" name=\"_wpcf7\" value=\"51346\" \/><br \/>\n<input type=\"hidden\" name=\"_wpcf7_version\" value=\"5.3.2\" \/><br \/>\n<input type=\"hidden\" name=\"_wpcf7_locale\" value=\"es_ES\" \/><br \/>\n<input type=\"hidden\" name=\"_wpcf7_unit_tag\" value=\"wpcf7-f51346-o1\" \/><br \/>\n<input type=\"hidden\" name=\"_wpcf7_container_post\" value=\"0\" \/><br \/>\n<input type=\"hidden\" name=\"_wpcf7_posted_data_hash\" value=\"\" \/>\n<\/div>\n<div style=\"min-width:200px; margin-right:20px;\">\n<p>Nombre (obligatorio)<br \/><span class=\"wpcf7-form-control-wrap your-name\"><input type=\"text\" name=\"your-name\" value=\"\" size=\"40\" class=\"wpcf7-form-control wpcf7-text wpcf7-validates-as-required inputEspacios\" aria-required=\"true\" aria-invalid=\"false\" \/><\/span> <br \/>\n\tEmail (obligatorio)<br \/><span class=\"wpcf7-form-control-wrap your-email\"><input type=\"email\" name=\"your-email\" value=\"\" size=\"40\" class=\"wpcf7-form-control wpcf7-text wpcf7-email wpcf7-validates-as-required wpcf7-validates-as-email inputEspacios\" aria-required=\"true\" aria-invalid=\"false\" \/><\/span><br \/>\n\tEmpresa\/comercio <br \/><span class=\"wpcf7-form-control-wrap empresa\"><input type=\"text\" name=\"empresa\" value=\"\" size=\"40\" class=\"wpcf7-form-control wpcf7-text inputEspacios\" aria-invalid=\"false\" \/><\/span><br \/>\n\tTelefono<br \/><span class=\"wpcf7-form-control-wrap telefono\"><input type=\"text\" name=\"telefono\" value=\"\" size=\"40\" class=\"wpcf7-form-control wpcf7-text inputEspacios\" aria-invalid=\"false\" \/><\/span><\/p>\n<\/div>\n<div style=\"min-width:410px;\">\n<p>\nFecha: <br \/><span class=\"wpcf7-form-control-wrap fecha\"><input type=\"date\" name=\"fecha\" value=\"\" class=\"wpcf7-form-control wpcf7-date wpcf7-validates-as-date\" id=\"fecha\" step=\"1\" aria-invalid=\"false\" \/><\/span><\/p>\n<p>\nMensaje<\/p>\n<p><span class=\"wpcf7-form-control-wrap your-message\"><textarea name=\"your-message\" cols=\"100\" rows=\"3\" class=\"wpcf7-form-control wpcf7-textarea areaEspacios\" id=\"textoVisita\" aria-invalid=\"false\"><\/textarea><\/span>\n<\/p>\n<p class=\"comment-reply-title comentarios\"><strong>Informaci\u00f3n sobre protecci\u00f3n de datos<\/strong><\/p>\n<p class=\"comment-subscription-form\">\n<ul>\n<li><strong>Responsable: <\/strong>MercaGranada.es<\/li>\n<li><strong>Fin del tratamiento: <\/strong>Controlar el spam, gesti\u00f3n de comentarios<\/li>\n<li><strong>Legitimaci\u00f3n: <\/strong>Tu consentimiento<\/li>\n<li><strong>Comunicaci\u00f3n de los datos: <\/strong>No se comunicar\u00e1n los datos a terceros salvo por  obligaci\u00f3n legal.<\/li>\n<li><strong>Derechos: <\/strong>Acceso, rectificaci\u00f3n, portabilidad, olvido.<\/li>\n<li><strong>Contacto: <\/strong><a href=\"mailto:juridico@mercagranada.es\" title=\"Contacta\">juridico@mercagranada.es<\/a>.<\/li>\n<li><strong>Informaci\u00f3n adicional: <\/strong>M\u00e1s informaci\u00f3n en <a href=\"http:\/\/mercagranada.es\/politica-privacidad\/\" target = \"_BLANK\" title=\"Pol\u00edtica de Privacidad\">nuestra pol\u00edtica de privacidad<\/a>.<\/li>\n<\/ul>\n<p><span class=\"wpcf7-form-control-wrap acceptance-918\"><span class=\"wpcf7-form-control wpcf7-acceptance\"><span class=\"wpcf7-list-item\"><input type=\"checkbox\" name=\"acceptance-918\" value=\"1\" aria-invalid=\"false\" \/><\/span><\/span><\/span> He leido y acepto <a href=\"http:\/\/mercagranada.es\/politica-privacidad\/\" target=\"_blank\">la Pol\u00edtica de Privacidad<\/a><\/p>\n<p><span class=\"wpcf7-form-control-wrap acceptance-155\"><span class=\"wpcf7-form-control wpcf7-acceptance\"><span class=\"wpcf7-list-item\"><input type=\"checkbox\" name=\"acceptance-155\" value=\"1\" aria-invalid=\"false\" \/><\/span><\/span><\/span> He leido y acepto <a href=\"http:\/\/mercagranada.es\/consentimiento-proteccion-de-datos\/\" target=\"_blank\">las conciciones<\/a><\/p>\n<p><span class=\"wpcf7-form-control-wrap checkbox-28\"><span class=\"wpcf7-form-control wpcf7-checkbox\"><span class=\"wpcf7-list-item first last\"><input type=\"checkbox\" name=\"checkbox-28[]\" value=\"No quiero recibir comunicaciones publicitarias\" \/><span class=\"wpcf7-list-item-label\">No quiero recibir comunicaciones publicitarias<\/span><\/span><\/span><\/span><\/p>\n<div class = \"bloque\">\n<div id=\"cf7sr-69f9edfcbbd0b\" class=\"cf7sr-g-recaptcha\" data-theme=\"light\" data-type=\"image\" data-size=\"normal\" data-sitekey=\"6Ld5HnoUAAAAAAuXsbNRUsDOBJNhjMO9CdLdDhxa\"><\/div>\n<p><span class=\"wpcf7-form-control-wrap cf7sr-recaptcha\" data-name=\"cf7sr-recaptcha\"><input type=\"hidden\" name=\"cf7sr-recaptcha\" value=\"\" class=\"wpcf7-form-control\"><\/span><\/div>\n<p><input type=\"submit\" value=\"Enviar\" class=\"wpcf7-form-control wpcf7-submit btnEspacios\" \/>\n<\/p>\n<\/div>\n<p style=\"display: none !important;\"><label>&#916;<textarea name=\"_wpcf7_ak_hp_textarea\" cols=\"45\" rows=\"8\" maxlength=\"100\"><\/textarea><\/label><input type=\"hidden\" id=\"ak_js_1\" name=\"_wpcf7_ak_js\" value=\"245\"\/><script>document.getElementById( \"ak_js_1\" ).setAttribute( \"value\", ( new Date() ).getTime() );<\/script><\/p>\n<div class=\"wpcf7-response-output\" aria-hidden=\"true\"><\/div>\n<\/form>\n<\/div>\n","protected":false},"excerpt":{"rendered":"<p>\u00bfA\u00fan no conoce MERCAGRANADA? Somos el mayor Centro Log\u00edstico y de Servicios, especializado en alimentaci\u00f3n fresca, de Granada. \u00a1\u00a1Le invitamos a que nos visite!! D\u00e9jenos sus datos, vis\u00edtenos y descubrir\u00e1 un mundo para su empresa o comercio. Le ofreceremos una vista por nuestras instalaciones, asesoramiento sobre nuestros servicios, presentaci\u00f3n de las empresas que ya est\u00e1n [&hellip;]<\/p>\n","protected":false},"author":1,"featured_media":0,"parent":0,"menu_order":0,"comment_status":"closed","ping_status":"closed","template":"page_sidebar.php","meta":[],"_links":{"self":[{"href":"https:\/\/new.mercagranada.es\/espaciosdisponibles\/wp-json\/wp\/v2\/pages\/7390"}],"collection":[{"href":"https:\/\/new.mercagranada.es\/espaciosdisponibles\/wp-json\/wp\/v2\/pages"}],"about":[{"href":"https:\/\/new.mercagranada.es\/espaciosdisponibles\/wp-json\/wp\/v2\/types\/page"}],"author":[{"embeddable":true,"href":"https:\/\/new.mercagranada.es\/espaciosdisponibles\/wp-json\/wp\/v2\/users\/1"}],"replies":[{"embeddable":true,"href":"https:\/\/new.mercagranada.es\/espaciosdisponibles\/wp-json\/wp\/v2\/comments?post=7390"}],"version-history":[{"count":7,"href":"https:\/\/new.mercagranada.es\/espaciosdisponibles\/wp-json\/wp\/v2\/pages\/7390\/revisions"}],"predecessor-version":[{"id":51354,"href":"https:\/\/new.mercagranada.es\/espaciosdisponibles\/wp-json\/wp\/v2\/pages\/7390\/revisions\/51354"}],"wp:attachment":[{"href":"https:\/\/new.mercagranada.es\/espaciosdisponibles\/wp-json\/wp\/v2\/media?parent=7390"}],"curies":[{"name":"wp","href":"https:\/\/api.w.org\/{rel}","templated":true}]}}