{"id":834,"date":"2013-06-26T11:52:43","date_gmt":"2013-06-26T11:52:43","guid":{"rendered":"http:\/\/mercagranada.es\/espaciosdisponibles\/?page_id=834"},"modified":"2024-02-08T08:49:49","modified_gmt":"2024-02-08T06:49:49","slug":"contacto","status":"publish","type":"page","link":"https:\/\/new.mercagranada.es\/espaciosdisponibles\/contacto\/","title":{"rendered":"Contacto"},"content":{"rendered":"<div class=\"row\">\n<div class=\"col-xs-12 col-md-12\"><iframe src=\"https:\/\/maps.google.es\/maps?f=q&amp;source=s_q&amp;hl=es&amp;geocode=&amp;q=Mercagranada&amp;aq=&amp;sll=37.221717,-3.634758&amp;sspn=0.090491,0.181789&amp;t=h&amp;ie=UTF8&amp;hq=Mercagranada&amp;cid=17002851886241444696&amp;hnear=&amp;ll=37.212285,-3.658533&amp;spn=0.023924,0.079823&amp;z=14&amp;iwloc=A&amp;output=embed\" width=\"100%\" height=\"550\" frameborder=\"0\" marginwidth=\"0\" marginheight=\"0\" scrolling=\"no\"><\/iframe><\/div>\n<\/div>\n<div class=\"row\">\n<div class=\"col-xs-6 col-md-6\">\n<h2>\u00bfD\u00f3nde estamos?<\/h2>\n<p><img loading=\"lazy\" class=\"alignleft wp-image-5193\" src=\"http:\/\/mercagranada.es\/espaciosdisponibles\/wp-content\/uploads\/localizacion.jpg\" alt=\"Contacto - MercaGranada SA\" width=\"79\" height=\"115\" \/> Direcci\u00f3n: <strong>Carretera de Badajoz Granada km 436<\/strong> Tel\u00e9fono: <strong>958 276 300<\/strong><\/p>\n<\/div>\n<div class=\"col-xs-6 col-md-6\">\n<h2>\u00bfC\u00f3mo llegar?<\/h2>\n<p>Coordenadas para navegador :<\/p>\n<ul>\n<li><strong>Latitud<\/strong>: 37.203 (37\u00ba 12&#8242; 12.65&#8243; N)<\/li>\n<li><strong>Longitud<\/strong>: -3.659 (3\u00ba 39&#8242; 34.79&#8243; W)<\/li>\n<\/ul>\n<p>Direcci\u00f3n C\u00f3rdoba\/M\u00e1laga \/Sevilla. <span style=\"text-decoration: underline;\"><strong><a href=\"https:\/\/maps.google.es\/maps?q=mercagranada&amp;ie=UTF-8&amp;ei=BQRVUrjyKc3Psgbv5oCIAg&amp;ved=0CAoQ_AUoAg\">Haz click aqu\u00ed.<\/a><\/strong><\/span> Direcci\u00f3n Almer\u00eda (Interior). <span style=\"text-decoration: underline;\"><strong><a href=\"https:\/\/maps.google.es\/maps?q=mercagranada&amp;ie=UTF-8&amp;ei=BQRVUrjyKc3Psgbv5oCIAg&amp;ved=0CAoQ_AUoAg\">Haz click aqu\u00ed.<\/a><\/strong><\/span> Direcci\u00f3n Motril (Costa). <span style=\"text-decoration: underline;\"><strong><a href=\"https:\/\/maps.google.es\/maps?q=mercagranada&amp;ie=UTF-8&amp;ei=BQRVUrjyKc3Psgbv5oCIAg&amp;ved=0CAoQ_AUoAg\">Haz click aqu\u00ed.<\/a><\/strong><\/span> Direcci\u00f3n Madrid\/Ja\u00e9n. <span style=\"text-decoration: underline;\"><strong><a href=\"https:\/\/maps.google.es\/maps?q=mercagranada&amp;ie=UTF-8&amp;ei=BQRVUrjyKc3Psgbv5oCIAg&amp;ved=0CAoQ_AUoAg\">Haz click aqu\u00ed.<\/a><\/strong><\/span><\/p>\n<\/div>\n<\/div>\n<div class=\"row\">\n<div class=\"col-xs-12 col-md-12 equipos\">\n<h4>Ubicaci\u00f3n Oficina de Atenci\u00f3n al cliente<\/h4>\n<p><span style=\"text-decoration: underline;\"><strong><a href=\"https:\/\/goo.gl\/maps\/PjqncDHWfcbrEf9K9\">Haz click aqu\u00ed<\/a><\/strong><\/span><\/p>\n<h2>Contacta con nuestros equipos<\/h2>\n<\/div>\n<div>\n<div class=\"row\">\n<div class=\"col-xs-12 col-md-12 equipos\"><b>Gerencia<\/b><\/div>\n<div class=\"col-xs-12 col-md-12 equipos\"><i>Sr. D. Adolfo Orti Garc\u00eda-Vicente<\/i><br \/>\n<span class=\"contacto etiqueta email\"><a href=\"mailto:gerencia@mercagranada.es\">gerencia@mercagranada.es<\/a><\/span><\/div>\n<div><\/div>\n<\/div>\n<hr \/>\n<p>&nbsp;<\/p>\n<p><b>\u00c1rea de Recursos Humanos y Asesor\u00eda Jur\u00eddica<\/b><\/p>\n<div class=\"row\">\n<div class=\"col-xs-12 col-md-12 equipos\"><i>S<\/i><i>r. D. Rafael L\u00f3pez-Cantal S\u00e1nchez<\/i><br \/>\n<span class=\"contacto etiqueta email\"><a href=\"mailto:juridico@mercagranada.es\">juridico@mercagranada.es<\/a><\/span><\/div>\n<div class=\"col-xs-12 col-md-12 equipos\">\n<p><i>Sra. D\u00aa. Irene Granados Mac\u00edas\u00a0\u00a0<\/i><br \/>\n<span class=\"contacto etiqueta email\"><a href=\"mailto:secretariarrhh@mercagranada.es\">secretariarrhh@mercagranada.es<\/a><\/span><\/p>\n<\/div>\n<\/div>\n<hr \/>\n<p>&nbsp;<\/p>\n<p><strong>Responsable de Calidad<\/strong><\/p>\n<div class=\"row\">\n<div class=\"col-xs-12 col-md-12 equipos\"><i>Sra. D\u00aa. M\u00f3nica \u00c1lvarez de Morales Mercado<\/i><br \/>\n<span class=\"contacto etiqueta email\"><a href=\"calidad@mercagranada.es\">calidad@mercagranada.es<\/a><\/span><\/div>\n<div><\/div>\n<\/div>\n<hr \/>\n<p>&nbsp;<\/p>\n<p><strong>\u00c1rea T\u00e9cnica y de Servicios<\/strong><\/p>\n<p><strong>Directora T\u00e9cnica y de Servicios<\/strong><\/p>\n<div class=\"row\">\n<div class=\"col-xs-12 col-md-12 equipos\"><i>Sra. D\u00aa. Margarita L\u00f3pez de Pablo L\u00f3pez <\/i><br \/>\n<span class=\"contacto etiqueta email\"><a href=\"mailto:direcciontecnica@mercagranada.es\">direcciontecnica@mercagranada.es<\/a><\/span><\/div>\n<div><\/div>\n<div class=\"col-xs-12 col-md-12 equipos\"><strong>Jefe T\u00e9cnico<\/strong><\/div>\n<div class=\"col-xs-12 col-md-12 equipos\">Sr. D. F\u00e9lix Castillo Morales<br \/>\n<span class=\"contacto etiqueta email\"><a href=\"http:\/\/mercagranada.es\/ofertas-de-licitacion-publica-en-curso-de-mercagranada\/\" target=\"_blank\" rel=\"noopener noreferrer\">tecnico@mercagranada.es<\/a><\/span><\/div>\n<div><\/div>\n<\/div>\n<\/div>\n<p><b>Encargado de Mantenimiento<\/b><\/p>\n<div>\n<div class=\"row\">\n<div class=\"col-xs-12 col-md-12 equipos\"><i>Sr. D. J. Antonio Garcia Mart\u00edn <\/i><br \/>\n<span class=\"contacto etiqueta email\"><a href=\"mailto:mantenimiento@mercagranada.es\">mantenimiento@mercagranada.es<\/a><\/span><\/div>\n<div><\/div>\n<\/div>\n<\/div>\n<\/div>\n<div class=\"row\">\n<hr \/>\n<p>&nbsp;<\/p>\n<p><b>\u00c1rea Comercial, Atenci\u00f3n al Cliente, Marketing y Comunicaci\u00f3n<\/b><\/p>\n<div class=\"row\">\n<div class=\"col-xs-12 col-md-12 equipos\">\n<p><strong>Director Comercial y Marketing\u00a0<\/strong><\/p>\n<p>Sr. D. Antonio Boza Puerta<br \/>\n<span class=\"contacto etiqueta email\"><a href=\"mailto:directorcomercial@mercagranada.es\">directorcomercial@mercagranada.es<\/a><\/span><\/p>\n<p><strong>Comercial<\/strong><\/p>\n<p><i>Sra. D\u00aa. Manuela Cabezas Amurgos <\/i><br \/>\n<span class=\"contacto etiqueta email\"><a href=\"mailto:asesorcomercial@mercagranada.es\">asesorcomercial@mercagranada.es<\/a><\/span><\/p>\n<\/div>\n<\/div>\n<\/div>\n<div class=\"col-xs-12 col-md-12 equipos\"><strong>Encargado de Atenci\u00f3n al Cliente\u00a0<\/strong><\/div>\n<div><\/div>\n<div><\/div>\n<div class=\"col-xs-12 col-md-12 equipos\"><i>Sr. D. Jose Miguel Jim\u00e9nez\u00a0Yedra\u00a0<\/i><br \/>\n<span class=\"contacto etiqueta email\"><a href=\"eagentes@mercagranada.net\">eagentes@mercagranada.net<\/a><\/span><\/div>\n<div><\/div>\n<div>\n<p><strong>Oficina de Atenci\u00f3n al cliente<\/strong><\/p>\n<div class=\"row\">\n<div class=\"col-xs-12 col-md-12 equipos\"><i>Sra. D\u00aa. Ana Gracia Medina Rescalvo <\/i><br \/>\n<span class=\"contacto etiqueta email\"><a href=\"merca2@mercagranada.es\">merca2@mercagranada.es<\/a><\/span><\/div>\n<div><\/div>\n<div class=\"col-xs-12 col-md-12 equipos\"><i>Sra. D\u00aa. Mar\u00eda Mart\u00edn Orti <\/i><br \/>\n<span class=\"contacto etiqueta email\"><a href=\"administracion1@mercagranada.es\">administracion1@mercagranada.es<\/a><\/span><\/div>\n<div><\/div>\n<\/div>\n<\/div>\n<div class=\"row\">\n<hr \/>\n<p>&nbsp;<\/p>\n<p><strong>\u00c1rea de Administraci\u00f3n y Finanzas<\/strong><\/p>\n<p><strong>Director Administraci\u00f3n y Finanzas<\/strong><\/p>\n<div class=\"row\">\n<div class=\"col-xs-12 col-md-12 equipos\"><i>Sr. D. Juan Cosano Aranda <\/i><br \/>\n<span class=\"contacto etiqueta email\"><a href=\"mailto:financiero@mercagranada.es\">financiero@mercagranada.es<\/a><\/span><\/div>\n<div><\/div>\n<\/div>\n<div><\/div>\n<div><strong>Jefa de Administraci\u00f3n\u00a0<\/strong><\/div>\n<div><\/div>\n<div class=\"row\">\n<div class=\"col-xs-12 col-md-12 equipos\"><i>Sra. D\u00aa.\u00a0 Roc\u00edo Suarez Jim\u00e9nez<\/i><\/div>\n<div class=\"col-xs-12 col-md-12 equipos\"><span class=\"contacto etiqueta email\"><a href=\"mailto:financiero@mercagranada.es\">administracion@mercagranada.es<\/a><\/span><\/div>\n<div><\/div>\n<div><\/div>\n<div><strong>Administrativo\u00a0\u00a0<\/strong><\/div>\n<div><\/div>\n<\/div>\n<div>\n<div class=\"col-xs-12 col-md-12 equipos\"><i>Sr. D.\u00a0 Francisco Fern\u00e1ndez Cort\u00e9s<\/i><\/div>\n<div class=\"col-xs-12 col-md-12 equipos\"><span class=\"contacto etiqueta email\"><a href=\"mailto:financiero@mercagranada.es\">oficialadministracion@mercagranada.es<\/a><\/span><\/div>\n<div><\/div>\n<\/div>\n<div class=\"row\">\n<div><\/div>\n<\/div>\n<hr \/>\n<\/div>\n<div><\/div>\n<div class=\"row\">\n<div><\/div>\n<\/div>\n<p>&nbsp;<\/p>\n<div class=\"row\">\n<div class=\"col-xs-12 col-md-12\">\n<h2>Formulario de contacto<\/h2>\n<div role=\"form\" class=\"wpcf7\" id=\"wpcf7-f77-o1\" lang=\"en-US\" dir=\"ltr\">\n<div class=\"screen-reader-response\">\n<p role=\"status\" aria-live=\"polite\" aria-atomic=\"true\">\n<ul><\/ul>\n<\/div>\n<form action=\"\/espaciosdisponibles\/wp-json\/wp\/v2\/pages\/834#wpcf7-f77-o1\" method=\"post\" class=\"wpcf7-form init\" novalidate=\"novalidate\" data-status=\"init\">\n<div style=\"display: none;\">\n<input type=\"hidden\" name=\"_wpcf7\" value=\"77\" \/><br \/>\n<input type=\"hidden\" name=\"_wpcf7_version\" value=\"5.3.2\" \/><br \/>\n<input type=\"hidden\" name=\"_wpcf7_locale\" value=\"en_US\" \/><br \/>\n<input type=\"hidden\" name=\"_wpcf7_unit_tag\" value=\"wpcf7-f77-o1\" \/><br \/>\n<input type=\"hidden\" name=\"_wpcf7_container_post\" value=\"0\" \/><br \/>\n<input type=\"hidden\" name=\"_wpcf7_posted_data_hash\" value=\"\" \/>\n<\/div>\n<p>P&iacute;danos m&aacute;s informaci&oacute;n a trav&eacute;s del siguiente formulario:<\/p>\n<div style=\"min-width:319px;margin-right:20px;\">\n<p>Nombre (obligatorio)<br \/><span class=\"wpcf7-form-control-wrap your-name\"><input type=\"text\" name=\"your-name\" value=\"\" size=\"40\" class=\"wpcf7-form-control wpcf7-text wpcf7-validates-as-required inputEspacios\" aria-required=\"true\" aria-invalid=\"false\" \/><\/span> <br \/>Email (obligatorio)<br \/>\n<span class=\"wpcf7-form-control-wrap your-email\"><input type=\"email\" name=\"your-email\" value=\"\" size=\"40\" class=\"wpcf7-form-control wpcf7-text wpcf7-email wpcf7-validates-as-required wpcf7-validates-as-email inputEspacios\" aria-required=\"true\" aria-invalid=\"false\" \/><\/span><br \/>Empresa <br \/><span class=\"wpcf7-form-control-wrap empresa\"><input type=\"text\" name=\"empresa\" value=\"\" size=\"40\" class=\"wpcf7-form-control wpcf7-text inputEspacios\" aria-invalid=\"false\" \/><\/span><br \/>Telefono<br \/><span class=\"wpcf7-form-control-wrap telefono\"><input type=\"text\" name=\"telefono\" value=\"\" size=\"40\" class=\"wpcf7-form-control wpcf7-text inputEspacios\" aria-invalid=\"false\" \/><\/span><\/p>\n<\/div>\n<div style=\"min-width:556px;height: 450px;\">\n<p>Mensaje<br \/><span class=\"wpcf7-form-control-wrap your-message\"><textarea name=\"your-message\" cols=\"40\" rows=\"10\" class=\"wpcf7-form-control wpcf7-textarea areaEspacios\" aria-invalid=\"false\"><\/textarea><\/span>\n<\/p>\n<p class=\"comment-reply-title comentarios\"><strong>Informaci\u00f3n sobre protecci\u00f3n de datos<\/strong><\/p>\n<p class=\"comment-subscription-form\">\n<ul>\n<li><strong>Responsable: <\/strong>MercaGranada.es<\/li>\n<li><strong>Fin del tratamiento: <\/strong>Controlar el spam, gesti\u00f3n de comentarios<\/li>\n<li><strong>Legitimaci\u00f3n: <\/strong>Tu consentimiento<\/li>\n<li><strong>Comunicaci\u00f3n de los datos: <\/strong>No se comunicar\u00e1n los datos a terceros salvo por  obligaci\u00f3n legal.<\/li>\n<li><strong>Derechos: <\/strong>Acceso, rectificaci\u00f3n, portabilidad, olvido.<\/li>\n<li><strong>Contacto: <\/strong><a href=\"mailto:comercial@mercagranada.es\" title=\"Contacta\">comercial@mercagranada.es<\/a>.<\/li>\n<li><strong>Informaci\u00f3n adicional: <\/strong>M\u00e1s informaci\u00f3n en <a href=\"http:\/\/mercagranada.es\/politica-privacidad\/\" target = \"_BLANK\" title=\"Pol\u00edtica de Privacidad\">nuestra pol\u00edtica de privacidad<\/a>.<\/li>\n<\/ul>\n<p><span class=\"wpcf7-form-control-wrap acceptance-918\"><span class=\"wpcf7-form-control wpcf7-acceptance\"><span class=\"wpcf7-list-item\"><input type=\"checkbox\" name=\"acceptance-918\" value=\"1\" aria-invalid=\"false\" \/><\/span><\/span><\/span> He leido y acepto <a href=\"http:\/\/mercagranada.es\/politica-privacidad\/\" target=\"_blank\">la Pol\u00edtica de Privacidad<\/a><\/p>\n<p><span class=\"wpcf7-form-control-wrap acceptance-155\"><span class=\"wpcf7-form-control wpcf7-acceptance\"><span class=\"wpcf7-list-item\"><input type=\"checkbox\" name=\"acceptance-155\" value=\"1\" aria-invalid=\"false\" \/><\/span><\/span><\/span> He leido y acepto <a href=\"http:\/\/mercagranada.es\/consentimiento-proteccion-de-datos\/\" target=\"_blank\">las conciciones<\/a><\/p>\n<p><span class=\"wpcf7-form-control-wrap checkbox-28\"><span class=\"wpcf7-form-control wpcf7-checkbox\"><span class=\"wpcf7-list-item first last\"><input type=\"checkbox\" name=\"checkbox-28[]\" value=\"Quiero recibir comunicaciones publicitarias\" \/><span class=\"wpcf7-list-item-label\">Quiero recibir comunicaciones publicitarias<\/span><\/span><\/span><\/span><\/p>\n<div class = \"bloque\">\n<div id=\"cf7sr-69f9efba7b983\" class=\"cf7sr-g-recaptcha\" data-theme=\"light\" data-type=\"image\" data-size=\"normal\" data-sitekey=\"6Ld5HnoUAAAAAAuXsbNRUsDOBJNhjMO9CdLdDhxa\"><\/div>\n<p><span class=\"wpcf7-form-control-wrap cf7sr-recaptcha\" data-name=\"cf7sr-recaptcha\"><input type=\"hidden\" name=\"cf7sr-recaptcha\" value=\"\" class=\"wpcf7-form-control\"><\/span><\/div>\n<p><input type=\"submit\" value=\"Enviar\" class=\"wpcf7-form-control wpcf7-submit btnEspacios\" \/><\/p>\n<\/div>\n<div style=\"clear:both\"><\/div>\n<p style=\"display: none !important;\"><label>&#916;<textarea name=\"_wpcf7_ak_hp_textarea\" cols=\"45\" rows=\"8\" maxlength=\"100\"><\/textarea><\/label><input type=\"hidden\" id=\"ak_js_1\" name=\"_wpcf7_ak_js\" value=\"114\"\/><script>document.getElementById( \"ak_js_1\" ).setAttribute( \"value\", ( new Date() ).getTime() );<\/script><\/p>\n<div class=\"wpcf7-response-output\" aria-hidden=\"true\"><\/div>\n<\/form>\n<\/div>\n<\/div>\n<\/div>\n","protected":false},"excerpt":{"rendered":"<p>\u00bfD\u00f3nde estamos? Direcci\u00f3n: Carretera de Badajoz Granada km 436 Tel\u00e9fono: 958 276 300 \u00bfC\u00f3mo llegar? Coordenadas para navegador : Latitud: 37.203 (37\u00ba 12&#8242; 12.65&#8243; N) Longitud: -3.659 (3\u00ba 39&#8242; 34.79&#8243; W) Direcci\u00f3n C\u00f3rdoba\/M\u00e1laga \/Sevilla. Haz click aqu\u00ed. Direcci\u00f3n Almer\u00eda (Interior). Haz click aqu\u00ed. Direcci\u00f3n Motril (Costa). Haz click aqu\u00ed. Direcci\u00f3n Madrid\/Ja\u00e9n. Haz click aqu\u00ed. Ubicaci\u00f3n [&hellip;]<\/p>\n","protected":false},"author":1,"featured_media":0,"parent":0,"menu_order":0,"comment_status":"open","ping_status":"open","template":"","meta":[],"_links":{"self":[{"href":"https:\/\/new.mercagranada.es\/espaciosdisponibles\/wp-json\/wp\/v2\/pages\/834"}],"collection":[{"href":"https:\/\/new.mercagranada.es\/espaciosdisponibles\/wp-json\/wp\/v2\/pages"}],"about":[{"href":"https:\/\/new.mercagranada.es\/espaciosdisponibles\/wp-json\/wp\/v2\/types\/page"}],"author":[{"embeddable":true,"href":"https:\/\/new.mercagranada.es\/espaciosdisponibles\/wp-json\/wp\/v2\/users\/1"}],"replies":[{"embeddable":true,"href":"https:\/\/new.mercagranada.es\/espaciosdisponibles\/wp-json\/wp\/v2\/comments?post=834"}],"version-history":[{"count":100,"href":"https:\/\/new.mercagranada.es\/espaciosdisponibles\/wp-json\/wp\/v2\/pages\/834\/revisions"}],"predecessor-version":[{"id":52286,"href":"https:\/\/new.mercagranada.es\/espaciosdisponibles\/wp-json\/wp\/v2\/pages\/834\/revisions\/52286"}],"wp:attachment":[{"href":"https:\/\/new.mercagranada.es\/espaciosdisponibles\/wp-json\/wp\/v2\/media?parent=834"}],"curies":[{"name":"wp","href":"https:\/\/api.w.org\/{rel}","templated":true}]}}