{"id":8348,"date":"2017-02-10T13:49:21","date_gmt":"2017-02-10T11:49:21","guid":{"rendered":"http:\/\/mercagranada.es\/?page_id=8348"},"modified":"2021-03-15T19:53:22","modified_gmt":"2021-03-15T17:53:22","slug":"alquiler-locales-comerciales-en-granada","status":"publish","type":"page","link":"https:\/\/new.mercagranada.es\/espaciosdisponibles\/alquiler-locales-comerciales-en-granada\/","title":{"rendered":"Espacios Disponibles"},"content":{"rendered":"<h2><strong>Mercagranada: el espacio ideal para tu empresa<\/strong><\/h2>\n<div class=\"col-md-12\">\n<p>Si est\u00e1s buscando el <strong>lugar perfecto para localizar tu empresa en Granada<\/strong>, en Mercagranada ponemos a tu disposici\u00f3n una selecci\u00f3n de espacios con la mejor oferta en m\u00f3dulos, locales, parcelas y oficinas en alquiler.<\/p>\n<\/div>\n<div class=\"col-md-12\">\n<p>[lista_espacios leer_mas = \u00abVer espacio\u00bb clase = \u00ablista-espacios\u00bb columnas = \u00ab2\u00bb]<\/p>\n<h4>Para m\u00e1s informaci\u00f3n no duden en contactarnos a trav\u00e9s del correo <a href=\"mailto:asesorcomercial@mercagranada.es\">asesorcomercial@mercagranada.es<\/a> o al 958 276300<\/h4>\n<\/div>\n<div class=\"col-md-12\"><img loading=\"lazy\" class=\"aligncenter wp-image-8428 size-large\" style=\"width: 100%; height: auto;\" title=\"alquiler locales en granada\" src=\"http:\/\/mercagranada.es\/espaciosdisponibles\/wp-content\/uploads\/MapaSituacion-1024x703.jpg\" alt=\"Alquilar Locales en Granada, Naves y C\u00e1maras - MercaGranada SA\" width=\"1024\" height=\"703\" srcset=\"https:\/\/new.mercagranada.es\/espaciosdisponibles\/wp-content\/uploads\/MapaSituacion-1024x703.jpg 1024w, https:\/\/new.mercagranada.es\/espaciosdisponibles\/wp-content\/uploads\/MapaSituacion-300x206.jpg 300w, https:\/\/new.mercagranada.es\/espaciosdisponibles\/wp-content\/uploads\/MapaSituacion-768x528.jpg 768w, https:\/\/new.mercagranada.es\/espaciosdisponibles\/wp-content\/uploads\/MapaSituacion-116x80.jpg 116w, https:\/\/new.mercagranada.es\/espaciosdisponibles\/wp-content\/uploads\/MapaSituacion.jpg 1600w\" sizes=\"(max-width: 1024px) 100vw, 1024px\" \/><\/div>\n<div class=\"col-md-12\" style=\"padding: 10px;\">\n<h2>Recibe las ofertas en Alquiler de Locales Comerciales<\/h2>\n<p>Rellene el siguiente formulario para suscribirse a nuestra lista de distribuci\u00f3n, y as\u00ed recibir novedades y ofertas sobre espacios disponibles para alquiler<\/p>\n<p>[registro_newsletter]<\/p>\n<\/div>\n<p>&nbsp;<\/p>\n","protected":false},"excerpt":{"rendered":"<p>Mercagranada: el espacio ideal para tu empresa Si est\u00e1s buscando el lugar perfecto para localizar tu empresa en Granada, en Mercagranada ponemos a tu disposici\u00f3n una selecci\u00f3n de espacios con la mejor oferta en m\u00f3dulos, locales, parcelas y oficinas en alquiler. [lista_espacios leer_mas = \u00abVer espacio\u00bb clase = \u00ablista-espacios\u00bb columnas = \u00ab2\u00bb] Para m\u00e1s informaci\u00f3n [&hellip;]<\/p>\n","protected":false},"author":1,"featured_media":8428,"parent":0,"menu_order":0,"comment_status":"closed","ping_status":"closed","template":"page_sidebar.php","meta":[],"_links":{"self":[{"href":"https:\/\/new.mercagranada.es\/espaciosdisponibles\/wp-json\/wp\/v2\/pages\/8348"}],"collection":[{"href":"https:\/\/new.mercagranada.es\/espaciosdisponibles\/wp-json\/wp\/v2\/pages"}],"about":[{"href":"https:\/\/new.mercagranada.es\/espaciosdisponibles\/wp-json\/wp\/v2\/types\/page"}],"author":[{"embeddable":true,"href":"https:\/\/new.mercagranada.es\/espaciosdisponibles\/wp-json\/wp\/v2\/users\/1"}],"replies":[{"embeddable":true,"href":"https:\/\/new.mercagranada.es\/espaciosdisponibles\/wp-json\/wp\/v2\/comments?post=8348"}],"version-history":[{"count":67,"href":"https:\/\/new.mercagranada.es\/espaciosdisponibles\/wp-json\/wp\/v2\/pages\/8348\/revisions"}],"predecessor-version":[{"id":50450,"href":"https:\/\/new.mercagranada.es\/espaciosdisponibles\/wp-json\/wp\/v2\/pages\/8348\/revisions\/50450"}],"wp:featuredmedia":[{"embeddable":true,"href":"https:\/\/new.mercagranada.es\/espaciosdisponibles\/wp-json\/wp\/v2\/media\/8428"}],"wp:attachment":[{"href":"https:\/\/new.mercagranada.es\/espaciosdisponibles\/wp-json\/wp\/v2\/media?parent=8348"}],"curies":[{"name":"wp","href":"https:\/\/api.w.org\/{rel}","templated":true}]}}

<h2><strong>Mercagranada: el espacio ideal para tu empresa</strong></h2>
<div class="col-md-12">
<p>Si estás buscando el <strong>lugar perfecto para localizar tu empresa en Granada</strong>, en Mercagranada ponemos a tu disposición una selección de espacios con la mejor oferta en módulos, locales, parcelas y oficinas en alquiler.</p>
</div>
<div class="col-md-12">
<p>[lista_espacios leer_mas = «Ver espacio» clase = «lista-espacios» columnas = «2»]</p>
<h4>Para más información no duden en contactarnos a través del correo <a href="mailto:asesorcomercial@mercagranada.es">asesorcomercial@mercagranada.es</a> o al 958 276300</h4>
</div>
<div class="col-md-12"><img loading="lazy" class="aligncenter wp-image-8428 size-large" style="width: 100%; height: auto;" title="alquiler locales en granada" src="http://mercagranada.es/espaciosdisponibles/wp-content/uploads/MapaSituacion-1024x703.jpg" alt="Alquilar Locales en Granada, Naves y Cámaras - MercaGranada SA" width="1024" height="703" srcset="https://new.mercagranada.es/espaciosdisponibles/wp-content/uploads/MapaSituacion-1024x703.jpg 1024w, https://new.mercagranada.es/espaciosdisponibles/wp-content/uploads/MapaSituacion-300x206.jpg 300w, https://new.mercagranada.es/espaciosdisponibles/wp-content/uploads/MapaSituacion-768x528.jpg 768w, https://new.mercagranada.es/espaciosdisponibles/wp-content/uploads/MapaSituacion-116x80.jpg 116w, https://new.mercagranada.es/espaciosdisponibles/wp-content/uploads/MapaSituacion.jpg 1600w" sizes="(max-width: 1024px) 100vw, 1024px" /></div>
<div class="col-md-12" style="padding: 10px;">
<h2>Recibe las ofertas en Alquiler de Locales Comerciales</h2>
<p>Rellene el siguiente formulario para suscribirse a nuestra lista de distribución, y así recibir novedades y ofertas sobre espacios disponibles para alquiler</p>
<p>[registro_newsletter]</p>
</div>
<p>&nbsp;</p>

<p>Mercagranada: el espacio ideal para tu empresa Si estás buscando el lugar perfecto para localizar tu empresa en Granada, en Mercagranada ponemos a tu disposición una selección de espacios con la mejor oferta en módulos, locales, parcelas y oficinas en alquiler. [lista_espacios leer_mas = «Ver espacio» clase = «lista-espacios» columnas = «2»] Para más información [&hellip;]</p>
