{"id":8872,"date":"2017-06-05T14:21:23","date_gmt":"2017-06-05T12:21:23","guid":{"rendered":"http:\/\/mercagranada.es\/?page_id=8872"},"modified":"2018-08-27T10:33:38","modified_gmt":"2018-08-27T08:33:38","slug":"mercagranada-con-el-deporte","status":"publish","type":"page","link":"https:\/\/new.mercagranada.es\/espaciosdisponibles\/mercagranada-con-el-deporte\/","title":{"rendered":"MercaGranada con el Deporte"},"content":{"rendered":"<p><img loading=\"lazy\" class=\" wp-image-8879 alignright\" src=\"http:\/\/mercagranada.es\/espaciosdisponibles\/wp-content\/uploads\/2017\/06\/practica-deporte.png\" alt=\"MercaGranada con el deporte\" width=\"355\" height=\"510\" srcset=\"https:\/\/new.mercagranada.es\/espaciosdisponibles\/wp-content\/uploads\/2017\/06\/practica-deporte.png 654w, https:\/\/new.mercagranada.es\/espaciosdisponibles\/wp-content\/uploads\/2017\/06\/practica-deporte-209x300.png 209w\" sizes=\"(max-width: 355px) 100vw, 355px\" \/>Mercagranada apuesta por el deporte y los h\u00e1bitos saludables en la alimentaci\u00f3n, aumentado el n\u00famero de eventos deportivos que patrocinamos o colaboramos a lo largo del a\u00f1o.<\/p>\n<p>Cada a\u00f1o trabajamos para que las acciones deportivas en las que estamos presentes aumenten en el n\u00famero de participantes y difusi\u00f3n en medios de comunicaci\u00f3n.<\/p>\n<ul>\n<li>\n<h3><strong><em>Colaboraci\u00f3n con la Media Marat\u00f3n Ciudad de Granada y Carrera en Familia<\/em><\/strong><\/h3>\n<\/li>\n<\/ul>\n<p>Organizados por la Concejal\u00eda de Deportes del Ayuntamiento de Granada, contaron otro a\u00f1o m\u00e1s con el patrocinio de Mercagranada promocionando la iniciativa <strong>\u00bb Me gusta mi mercado<\/strong>\u00bb y su programa <strong>\u201cConoce Mercagranada y los Alimentos\u201d<\/strong>. Dimos la energ\u00eda en estas carreras aportando toda la fruta que consumieron los corredores.<\/p>\n<p>Se ha mejorado nuestra presencia realizando talleres y mejorando la comunicaci\u00f3n gracias a concursos en redes sociales, elaboraci\u00f3n de noticias publicadas en nuestro blog y Mercarevista.<\/p>\n<p>&nbsp;<\/p>\n<table>\n<tbody>\n<tr>\n<td colspan=\"2\" width=\"577\"><strong>INDICADORES DE LA\u00a0<\/strong><b>ACCI\u00d3N<\/b><\/td>\n<\/tr>\n<tr>\n<td width=\"395\">\n<p>N\u00ba de participantes Media Marat\u00f3n<\/p>\n<p>N\u00aa de participantes de Carrera en Familia<\/p>\n<p>N\u00ba de participantes prueba solidaria Aspace<\/td>\n<td width=\"182\">\n<p>5.000 participantes<\/p>\n<p>1.200 participantes<\/p>\n<p>520 participantes<\/td>\n<\/tr>\n<tr>\n<td width=\"395\">Recursos destinados a la Comunidad<\/td>\n<td width=\"182\">1.260 \u20ac<\/td>\n<\/tr>\n<\/tbody>\n<\/table>\n<p><img loading=\"lazy\" class=\"size-full wp-image-8889 aligncenter\" src=\"http:\/\/mercagranada.es\/espaciosdisponibles\/wp-content\/uploads\/2017\/06\/MERCAGRANADA_apoyando-el-deporte-01.jpg\" alt=\"MercaGranada con el deporte\" width=\"300\" height=\"327\" srcset=\"https:\/\/new.mercagranada.es\/espaciosdisponibles\/wp-content\/uploads\/2017\/06\/MERCAGRANADA_apoyando-el-deporte-01.jpg 300w, https:\/\/new.mercagranada.es\/espaciosdisponibles\/wp-content\/uploads\/2017\/06\/MERCAGRANADA_apoyando-el-deporte-01-275x300.jpg 275w\" sizes=\"(max-width: 300px) 100vw, 300px\" \/><\/p>\n<p>&nbsp;<\/p>\n<ul>\n<li>\n<h3><strong><em>Carrera Nocturna o de San Silvestre<\/em><\/strong><\/h3>\n<\/li>\n<\/ul>\n<p>Organiza la Concejal\u00eda de Deportes del Ayuntamiento de Granada obtuvo un gran \u00e9xito de participantes.<\/p>\n<p>Las inscripciones para esta actividad que combina deporte y diversi\u00f3n se agotaron un a\u00f1o m\u00e1s por la gran participaci\u00f3n que obtuvo.<\/p>\n<table>\n<tbody>\n<tr>\n<td colspan=\"2\" width=\"577\"><strong>INDICADORES DE LA\u00a0<\/strong><b>ACCI\u00d3N<\/b><\/td>\n<\/tr>\n<tr>\n<td width=\"395\">N\u00ba de participantes<\/td>\n<td width=\"182\">2.350<\/td>\n<\/tr>\n<tr>\n<td width=\"395\">Recursos destinados a la Comunidad<\/td>\n<td width=\"182\">210 \u20ac<\/td>\n<\/tr>\n<\/tbody>\n<\/table>\n<p>&nbsp;<\/p>\n<ul>\n<li>\n<h3><strong><em>Colaboraci\u00f3n en la IX Carrera de las Fuerzas Armadas<\/em><\/strong><\/h3>\n<\/li>\n<\/ul>\n<p>Reuni\u00f3 a 3.200 corredores, con un recorrido de 15 kil\u00f3metros por los barrios m\u00e1s bellos y emblem\u00e1ticos de la capital granadina. La carrera tiene 9 categor\u00edas, desde la absoluta hasta pre benjamines.<\/p>\n<p>Mercagranada estuvo presente aportando informaci\u00f3n sobre la importancia de una buena alimentaci\u00f3n y su relaci\u00f3n con el deporte, con los programas \u201cMe gusta mi mercado\u201d y \u201cConoce Mercagranada y los Alimentos\u201d. Adem\u00e1s, se cre\u00f3 un concurso el d\u00eda de la prueba para entregar una cesta de productos Mercagranada a la publicaci\u00f3n que m\u00e1s \u00abme gusta\u00bb tuviera. Gracias a esto se ha aumentado el n\u00famero de seguidores en redes sociales.<\/p>\n<table>\n<tbody>\n<tr>\n<td colspan=\"2\" width=\"577\"><strong>INDICADORES DE LA\u00a0<\/strong><b>ACCI\u00d3N<\/b><\/td>\n<\/tr>\n<tr>\n<td width=\"395\">N\u00ba de participantes<\/td>\n<td width=\"182\">\n<p>3.200 adultos<\/p>\n<p>800 ni\u00f1os<\/td>\n<\/tr>\n<tr>\n<td width=\"395\">N\u00famero de carreras<\/td>\n<td width=\"182\">9<\/td>\n<\/tr>\n<tr>\n<td width=\"395\">Recursos destinados a la Comunidad<\/td>\n<td width=\"182\">655 \u20ac<\/td>\n<\/tr>\n<\/tbody>\n<\/table>\n<p>&nbsp;<\/p>\n<h2><strong>OTROS EVENTOS DEPORTIVOS:<\/strong><\/h2>\n<h3><strong><em>Patrocinio Gran Premio de Fondo de la Diputaci\u00f3n de Granada.<\/em><\/strong><\/h3>\n<p>En su 30 edici\u00f3n, el Gran Premio de Fondo Diputaci\u00f3n tuvo las siguientes cifras: 15 pruebas, 18 municipios implicados, casi 200 kil\u00f3metros recorridos, m\u00e1s de 1.000 atletas de media en cada prueba, corredores de 101 municipios de la provincia. Adem\u00e1s, este a\u00f1o, casi 700 participantes han finalizado m\u00e1s de 10 pruebas de las 15 programadas. Tercer a\u00f1o como patrocinador, adem\u00e1s de tener presencia en cada prueba deportiva con elementos como el cami\u00f3n para entrega de premios, pantalla gigante, presencia de la mascota, amplia difusi\u00f3n tanto previa como posterior a cada carrera en medios de comunicaci\u00f3n locales y los propios.<\/p>\n<table>\n<tbody>\n<tr>\n<td colspan=\"2\"><strong>INDICADORES DE LA ACCION<\/strong><\/td>\n<\/tr>\n<tr>\n<td width=\"267\">N\u00ba de participantes<\/td>\n<td width=\"242\">15.000<\/td>\n<\/tr>\n<tr>\n<td>N\u00aa de carreras por la provincia<\/td>\n<td>15<\/td>\n<\/tr>\n<tr>\n<td>Recursos destinados a la Comunidad<\/td>\n<td>8.100 \u20ac<\/td>\n<\/tr>\n<\/tbody>\n<\/table>\n<p>&nbsp;<\/p>\n<ul>\n<li>\n<h3><strong>III Carrera Urbana Universidad Ciudad De Granada<\/strong><\/h3>\n<\/li>\n<\/ul>\n<p>Tuvo lugar el s\u00e1bado 18 y el domingo 19 de noviembre,\u00a0 organizada por el Centro de Actividades Deportivas de la Universidad de Granada y la Concejal\u00eda de Deportes del Ayuntamiento de Granada, en colaboraci\u00f3n con otras empresas patrocinadoras como Mercagranada.<\/p>\n<table>\n<tbody>\n<tr>\n<td style=\"width: 518px;\" colspan=\"2\"><strong>INDICADORES DE LA\u00a0<\/strong><b>ACCI\u00d3N<\/b><\/td>\n<\/tr>\n<tr>\n<td style=\"width: 271px;\" width=\"267\">N\u00ba de participantes<\/td>\n<td style=\"width: 247px;\" width=\"242\">\n<p>1.600 Adultos<\/p>\n<p>1.400 Categor\u00edas inferiores<\/td>\n<\/tr>\n<tr>\n<td style=\"width: 271px;\" width=\"267\">Recursos destinados a la Comunidad<\/td>\n<td style=\"width: 247px;\" width=\"242\">254 \u20ac<\/td>\n<\/tr>\n<\/tbody>\n<\/table>\n<p>&nbsp;<\/p>\n<ul>\n<li>\n<h3><strong>Ultra Sierra Nevada y Urban Trail<\/strong><\/h3>\n<\/li>\n<\/ul>\n<p>Participaron treinta pa\u00edses, durante la prueba tuvimos presencia en la l\u00ednea de salida y de meta con nuestro material promocional y actuamos como intermediario en la compra de la fruta para los corredores.\u00a0 Se ha difundido en los medios de comunicaci\u00f3n nuestra presencia (web, blog y redes), adem\u00e1s de compartir las publicaciones de otros patrocinadores.<\/p>\n<p>Una carrera de monta\u00f1a de 100 kil\u00f3metros de ascensi\u00f3n continua por senderos y caminos desde Granada hasta el Pico Veleta y la Estaci\u00f3n de Esqu\u00ed de Pradollano, con un desnivel de m\u00e1s de 2.500 metros.<\/p>\n<table>\n<tbody>\n<tr>\n<td style=\"width: 514.931px;\" colspan=\"2\"><strong>INDICADORES DE LA\u00a0<\/strong><b>ACCI\u00d3N<\/b><\/td>\n<\/tr>\n<tr>\n<td style=\"width: 267.153px;\">N\u00ba de participantes<\/td>\n<td style=\"width: 242.708px;\">1.500<\/td>\n<\/tr>\n<tr>\n<td style=\"width: 267.153px;\">N\u00ba de Zonas de la ciudad<\/td>\n<td style=\"width: 242.708px;\">Granada Capital y Sierra Nevada<\/td>\n<\/tr>\n<\/tbody>\n<\/table>\n<p>&nbsp;<\/p>\n<p><strong>OTROS EVENTOS:<\/strong><\/p>\n<ul>\n<li><strong>I ECOMARATHON Vega de Granada<\/strong><\/li>\n<li><strong>Carrera ASPACE<\/strong><\/li>\n<li><strong><em>Carrera contra el C\u00e1ncer<\/em><\/strong><\/li>\n<li><strong>Trail Desierto de Gorafe<\/strong><\/li>\n<\/ul>\n","protected":false},"excerpt":{"rendered":"<p>Mercagranada apuesta por el deporte y los h\u00e1bitos saludables en la alimentaci\u00f3n, aumentado el n\u00famero de eventos deportivos que patrocinamos o colaboramos a lo largo del a\u00f1o. Cada a\u00f1o trabajamos para que las acciones deportivas en las que estamos presentes aumenten en el n\u00famero de participantes y difusi\u00f3n en medios de comunicaci\u00f3n. Colaboraci\u00f3n con la [&hellip;]<\/p>\n","protected":false},"author":1,"featured_media":0,"parent":0,"menu_order":0,"comment_status":"closed","ping_status":"closed","template":"page_sidebar.php","meta":[],"_links":{"self":[{"href":"https:\/\/new.mercagranada.es\/espaciosdisponibles\/wp-json\/wp\/v2\/pages\/8872"}],"collection":[{"href":"https:\/\/new.mercagranada.es\/espaciosdisponibles\/wp-json\/wp\/v2\/pages"}],"about":[{"href":"https:\/\/new.mercagranada.es\/espaciosdisponibles\/wp-json\/wp\/v2\/types\/page"}],"author":[{"embeddable":true,"href":"https:\/\/new.mercagranada.es\/espaciosdisponibles\/wp-json\/wp\/v2\/users\/1"}],"replies":[{"embeddable":true,"href":"https:\/\/new.mercagranada.es\/espaciosdisponibles\/wp-json\/wp\/v2\/comments?post=8872"}],"version-history":[{"count":13,"href":"https:\/\/new.mercagranada.es\/espaciosdisponibles\/wp-json\/wp\/v2\/pages\/8872\/revisions"}],"predecessor-version":[{"id":12307,"href":"https:\/\/new.mercagranada.es\/espaciosdisponibles\/wp-json\/wp\/v2\/pages\/8872\/revisions\/12307"}],"wp:attachment":[{"href":"https:\/\/new.mercagranada.es\/espaciosdisponibles\/wp-json\/wp\/v2\/media?parent=8872"}],"curies":[{"name":"wp","href":"https:\/\/api.w.org\/{rel}","templated":true}]}}